CRAN Package Check Results for Package NetworkToolbox

Last updated on 2024-07-14 08:48:28 CEST.

Flavor Version Tinstall Tcheck Ttotal Status Flags
r-devel-linux-x86_64-debian-clang 1.4.2 9.88 94.07 103.95 NOTE
r-devel-linux-x86_64-debian-gcc 1.4.2 9.11 67.13 76.24 NOTE
r-devel-linux-x86_64-fedora-clang 1.4.2 133.31 NOTE
r-devel-linux-x86_64-fedora-gcc 1.4.2 122.59 NOTE
r-devel-windows-x86_64 1.4.2 11.00 103.00 114.00 NOTE
r-patched-linux-x86_64 1.4.2 18.03 88.49 106.52 NOTE
r-release-linux-x86_64 1.4.2 7.29 88.00 95.29 NOTE
r-release-macos-arm64 1.4.2 38.00 NOTE
r-release-macos-x86_64 1.4.2 53.00 NOTE
r-release-windows-x86_64 1.4.2 11.00 103.00 114.00 NOTE
r-oldrel-macos-arm64 1.4.2 39.00 OK
r-oldrel-macos-x86_64 1.4.2 61.00 OK
r-oldrel-windows-x86_64 1.4.2 13.00 123.00 136.00 OK

Check Details

Version: 1.4.2
Check: Rd files
Result: NOTE checkRd: (-1) MFCF.Rd:35-36: Lost braces in \itemize; meant \describe ? checkRd: (-1) MFCF.Rd:39-40: Lost braces in \itemize; meant \describe ? checkRd: (-1) MFCF.Rd:43-44: Lost braces in \itemize; meant \describe ? checkRd: (-1) MFCF.Rd:47-48: Lost braces in \itemize; meant \describe ? checkRd: (-1) comm.str.Rd:24-25: Lost braces in \itemize; meant \describe ? checkRd: (-1) comm.str.Rd:28-29: Lost braces in \itemize; meant \describe ? checkRd: (-1) cpm.Rd:153-160: Lost braces in \itemize; meant \describe ? checkRd: (-1) cpm.Rd:164-166: Lost braces in \itemize; meant \describe ? checkRd: (-1) cpm.Rd:170-174: Lost braces in \itemize; meant \describe ? checkRd: (-1) cpm.Rd:178-179: Lost braces in \itemize; meant \describe ? checkRd: (-1) cpm.Rd:183-184: Lost braces in \itemize; meant \describe ? checkRd: (-1) cpm.Rd:188: Lost braces in \itemize; meant \describe ? checkRd: (-1) dCor.Rd:18: Lost braces in \itemize; meant \describe ? checkRd: (-1) dCor.Rd:21: Lost braces in \itemize; meant \describe ? checkRd: (-1) gain.functions.Rd:79-81: Lost braces in \itemize; meant \describe ? checkRd: (-1) gain.functions.Rd:85-87: Lost braces in \itemize; meant \describe ? checkRd: (-1) gain.functions.Rd:91-96: Lost braces in \itemize; meant \describe ? checkRd: (-1) gain.functions.Rd:40-41: Lost braces in \itemize; meant \describe ? checkRd: (-1) gain.functions.Rd:44-45: Lost braces in \itemize; meant \describe ? checkRd: (-1) gain.functions.Rd:48-49: Lost braces in \itemize; meant \describe ? checkRd: (-1) gain.functions.Rd:52-53: Lost braces in \itemize; meant \describe ? checkRd: (-1) gain.functions.Rd:56-57: Lost braces in \itemize; meant \describe ? checkRd: (-1) gain.functions.Rd:60-61: Lost braces in \itemize; meant \describe ? checkRd: (-1) openness.Rd:15: Lost braces in \itemize; meant \describe ? checkRd: (-1) openness.Rd:18: Lost braces in \itemize; meant \describe ? checkRd: (-1) openness.Rd:21: Lost braces in \itemize; meant \describe ? checkRd: (-1) openness.Rd:24: Lost braces in \itemize; meant \describe ? checkRd: (-1) openness.Rd:27: Lost braces in \itemize; meant \describe ? checkRd: (-1) openness.Rd:30-32: Lost braces in \itemize; meant \describe ? checkRd: (-1) openness.Rd:35: Lost braces in \itemize; meant \describe ? checkRd: (-1) sim.chordal.Rd:26-30: Lost braces in \itemize; meant \describe ? Flavors: r-devel-linux-x86_64-debian-clang, r-devel-linux-x86_64-debian-gcc, r-devel-linux-x86_64-fedora-clang, r-devel-linux-x86_64-fedora-gcc, r-devel-windows-x86_64, r-patched-linux-x86_64, r-release-linux-x86_64, r-release-macos-arm64, r-release-macos-x86_64, r-release-windows-x86_64

Version: 1.4.2
Check: Rd cross-references
Result: NOTE Found the following Rd file(s) with Rd \link{} targets missing package anchors: convert2igraph.Rd: igraph sim.chordal.Rd: psych sim.swn.Rd: psych Please provide package anchors for all Rd \link{} targets not in the package itself and the base packages. Flavor: r-devel-windows-x86_64