CRAN Package Check Results for Package OEFPIL

Last updated on 2024-07-21 20:51:06 CEST.

Flavor Version Tinstall Tcheck Ttotal Status Flags
r-devel-linux-x86_64-debian-clang 0.1.1 5.60 69.64 75.24 OK
r-devel-linux-x86_64-debian-gcc 0.1.1 4.74 53.05 57.79 NOTE
r-devel-linux-x86_64-fedora-clang 0.1.1 96.58 OK
r-devel-linux-x86_64-fedora-gcc 0.1.1 91.34 OK
r-devel-windows-x86_64 0.1.1 9.00 71.00 80.00 NOTE
r-patched-linux-x86_64 0.1.1 11.69 68.24 79.93 OK
r-release-linux-x86_64 0.1.1 6.91 68.70 75.61 OK
r-release-macos-arm64 0.1.1 30.00 OK
r-release-macos-x86_64 0.1.1 49.00 OK
r-release-windows-x86_64 0.1.1 7.00 71.00 78.00 OK
r-oldrel-macos-arm64 0.1.1 35.00 OK
r-oldrel-macos-x86_64 0.1.1 48.00 OK
r-oldrel-windows-x86_64 0.1.1 9.00 81.00 90.00 OK

Check Details

Version: 0.1.1
Check: Rd cross-references
Result: NOTE Found the following Rd file(s) with Rd \link{} targets missing package anchors: NanoIndent.OEFPIL.Rd: nlsLM OEFPIL.Rd: nlsLM Please provide package anchors for all Rd \link{} targets not in the package itself and the base packages. Flavors: r-devel-linux-x86_64-debian-gcc, r-devel-windows-x86_64