CRAN Package Check Results for Package R2OpenBUGS

Last updated on 2025-02-13 15:49:47 CET.

Flavor Version Tinstall Tcheck Ttotal Status Flags
r-devel-linux-x86_64-debian-clang 3.2-3.2.1 3.33 39.20 42.53 NOTE
r-devel-linux-x86_64-debian-gcc 3.2-3.2.1 2.87 29.62 32.49 NOTE
r-devel-linux-x86_64-fedora-clang 3.2-3.2.1 72.66 NOTE
r-devel-linux-x86_64-fedora-gcc 3.2-3.2.1 81.86 NOTE
r-devel-windows-x86_64 3.2-3.2.1 5.00 83.00 88.00 NOTE
r-patched-linux-x86_64 3.2-3.2.1 3.64 37.71 41.35 NOTE
r-release-linux-x86_64 3.2-3.2.1 3.42 37.66 41.08 NOTE
r-release-macos-arm64 3.2-3.2.1 30.00 NOTE
r-release-macos-x86_64 3.2-3.2.1 49.00 NOTE
r-release-windows-x86_64 3.2-3.2.1 5.00 84.00 89.00 NOTE
r-oldrel-macos-arm64 3.2-3.2.1 31.00 OK
r-oldrel-macos-x86_64 3.2-3.2.1 46.00 OK
r-oldrel-windows-x86_64 3.2-3.2.1 7.00 75.00 82.00 OK

Check Details

Version: 3.2-3.2.1
Check: R code for possible problems
Result: NOTE Found the following calls to attach(): File ‘R2OpenBUGS/R/attach.all.R’: attach(x, name = name) See section ‘Good practice’ in ‘?attach’. Flavors: r-devel-linux-x86_64-debian-clang, r-devel-linux-x86_64-debian-gcc, r-patched-linux-x86_64, r-release-linux-x86_64

Version: 3.2-3.2.1
Check: Rd files
Result: NOTE checkRd: (-1) bugs.Rd:158: Lost braces in \itemize; meant \describe ? checkRd: (-1) bugs.Rd:163: Lost braces in \itemize; meant \describe ? checkRd: (-1) bugs.Rd:164: Lost braces in \itemize; meant \describe ? checkRd: (-1) bugs.Rd:166: Lost braces in \itemize; meant \describe ? Flavors: r-devel-linux-x86_64-debian-clang, r-devel-linux-x86_64-debian-gcc, r-devel-linux-x86_64-fedora-clang, r-devel-linux-x86_64-fedora-gcc, r-devel-windows-x86_64, r-patched-linux-x86_64, r-release-linux-x86_64, r-release-macos-arm64, r-release-macos-x86_64, r-release-windows-x86_64