Last updated on 2024-06-12 19:54:33 CEST.
Flavor | Version | Tinstall | Tcheck | Ttotal | Status | Flags |
---|---|---|---|---|---|---|
r-devel-linux-x86_64-debian-clang | 0.6.9 | 124.74 | 70.81 | 195.55 | OK | |
r-devel-linux-x86_64-debian-gcc | 0.6.9 | 0.48 | 1.54 | 2.02 | ERROR | |
r-devel-linux-x86_64-fedora-clang | 0.6.9 | 299.07 | OK | |||
r-devel-linux-x86_64-fedora-gcc | 0.6.9 | 288.61 | OK | |||
r-devel-windows-x86_64 | 0.6.9 | 118.00 | 98.00 | 216.00 | OK | |
r-patched-linux-x86_64 | 0.6.9 | 98.27 | 65.51 | 163.78 | OK | |
r-release-linux-x86_64 | 0.6.9 | 78.88 | 67.43 | 146.31 | OK | |
r-release-macos-arm64 | 0.6.9 | 70.00 | NOTE | |||
r-release-macos-x86_64 | 0.6.9 | 73.00 | NOTE | |||
r-release-windows-x86_64 | 0.6.9 | 124.00 | 96.00 | 220.00 | OK | |
r-oldrel-macos-arm64 | 0.6.9 | 75.00 | NOTE | |||
r-oldrel-macos-x86_64 | 0.6.9 | 101.00 | NOTE | |||
r-oldrel-windows-x86_64 | 0.6.9 | 148.00 | 115.00 | 263.00 | OK |
Version: 0.6.9
Check: package dependencies
Result: ERROR
Packages required but not available: 'dplyr', 'dbplyr'
Package suggested but not available for checking: ‘testthat’
See section ‘The DESCRIPTION file’ in the ‘Writing R Extensions’
manual.
Flavor: r-devel-linux-x86_64-debian-gcc
Version: 0.6.9
Check: installed package size
Result: NOTE
installed size is 13.4Mb
sub-directories of 1Mb or more:
libs 13.1Mb
Flavors: r-release-macos-arm64, r-release-macos-x86_64, r-oldrel-macos-arm64, r-oldrel-macos-x86_64