Last updated on 2025-01-25 13:51:16 CET.
Flavor | Version | Tinstall | Tcheck | Ttotal | Status | Flags |
---|---|---|---|---|---|---|
r-devel-linux-x86_64-debian-clang | 0.3.7 | 38.81 | 64.10 | 102.91 | NOTE | |
r-devel-linux-x86_64-debian-gcc | 0.3.7 | 29.48 | 48.58 | 78.06 | NOTE | |
r-devel-linux-x86_64-fedora-clang | 0.3.7 | 166.84 | NOTE | |||
r-devel-linux-x86_64-fedora-gcc | 0.3.7 | 188.66 | NOTE | |||
r-devel-windows-x86_64 | 0.3.7 | 34.00 | 103.00 | 137.00 | NOTE | |
r-patched-linux-x86_64 | 0.3.7 | 39.39 | 62.03 | 101.42 | NOTE | |
r-release-linux-x86_64 | 0.3.7 | 37.99 | 62.39 | 100.38 | NOTE | |
r-release-macos-arm64 | 0.3.7 | 53.00 | NOTE | |||
r-release-macos-x86_64 | 0.3.7 | 82.00 | NOTE | |||
r-release-windows-x86_64 | 0.3.7 | 35.00 | 111.00 | 146.00 | NOTE | |
r-oldrel-macos-arm64 | 0.3.7 | 57.00 | NOTE | |||
r-oldrel-macos-x86_64 | 0.3.7 | 92.00 | NOTE | |||
r-oldrel-windows-x86_64 | 0.3.7 | 42.00 | 113.00 | 155.00 | NOTE |
Version: 0.3.7
Check: C++ specification
Result: NOTE
Specified C++11: please drop specification unless essential
Flavors: r-devel-linux-x86_64-debian-clang, r-devel-linux-x86_64-debian-gcc, r-devel-linux-x86_64-fedora-clang, r-devel-linux-x86_64-fedora-gcc, r-devel-windows-x86_64, r-patched-linux-x86_64, r-release-linux-x86_64, r-release-macos-arm64, r-release-macos-x86_64, r-release-windows-x86_64, r-oldrel-macos-arm64, r-oldrel-macos-x86_64, r-oldrel-windows-x86_64
Version: 0.3.7
Check: installed package size
Result: NOTE
installed size is 9.3Mb
sub-directories of 1Mb or more:
libs 9.1Mb
Flavors: r-release-macos-arm64, r-release-macos-x86_64, r-oldrel-macos-arm64, r-oldrel-macos-x86_64