Last updated on 2024-06-12 19:54:34 CEST.
Flavor | Version | Tinstall | Tcheck | Ttotal | Status | Flags |
---|---|---|---|---|---|---|
r-devel-linux-x86_64-debian-clang | 1.0.0 | 14.85 | 90.50 | 105.35 | OK | |
r-devel-linux-x86_64-debian-gcc | 1.0.0 | 0.36 | 1.56 | 1.92 | ERROR | |
r-devel-linux-x86_64-fedora-clang | 1.0.0 | 126.47 | OK | |||
r-devel-linux-x86_64-fedora-gcc | 1.0.0 | 118.57 | OK | |||
r-devel-windows-x86_64 | 1.0.0 | 12.00 | 83.00 | 95.00 | OK | |
r-patched-linux-x86_64 | 1.0.0 | 9.43 | 86.84 | 96.27 | OK | |
r-release-linux-x86_64 | 1.0.0 | 11.37 | 83.61 | 94.98 | OK | |
r-release-macos-arm64 | 1.0.0 | 36.00 | OK | |||
r-release-macos-x86_64 | 1.0.0 | 50.00 | OK | |||
r-release-windows-x86_64 | 1.0.0 | 12.00 | 82.00 | 94.00 | OK | |
r-oldrel-macos-arm64 | 1.0.0 | 35.00 | OK | |||
r-oldrel-macos-x86_64 | 1.0.0 | 92.00 | OK | |||
r-oldrel-windows-x86_64 | 1.0.0 | 15.00 | 96.00 | 111.00 | OK |
Version: 1.0.0
Check: package dependencies
Result: ERROR
Package required but not available: ‘fda’
See section ‘The DESCRIPTION file’ in the ‘Writing R Extensions’
manual.
Flavor: r-devel-linux-x86_64-debian-gcc