CRAN Package Check Results for Package RegSDC

Last updated on 2024-07-21 20:51:09 CEST.

Flavor Version Tinstall Tcheck Ttotal Status Flags
r-devel-linux-x86_64-debian-clang 0.7.0 8.13 79.65 87.78 OK
r-devel-linux-x86_64-debian-gcc 0.7.0 7.03 59.57 66.60 NOTE
r-devel-linux-x86_64-fedora-clang 0.7.0 108.36 OK
r-devel-linux-x86_64-fedora-gcc 0.7.0 110.09 OK
r-devel-windows-x86_64 0.7.0 10.00 76.00 86.00 NOTE
r-patched-linux-x86_64 0.7.0 13.25 76.43 89.68 OK
r-release-linux-x86_64 0.7.0 8.93 75.31 84.24 OK
r-release-macos-arm64 0.7.0 33.00 OK
r-release-macos-x86_64 0.7.0 51.00 OK
r-release-windows-x86_64 0.7.0 9.00 76.00 85.00 OK
r-oldrel-macos-arm64 0.7.0 35.00 OK
r-oldrel-macos-x86_64 0.7.0 57.00 OK
r-oldrel-windows-x86_64 0.7.0 11.00 89.00 100.00 OK

Check Details

Version: 0.7.0
Check: Rd cross-references
Result: NOTE Found the following Rd file(s) with Rd \link{} targets missing package anchors: ReduceX.Rd: RoundWhole SuppressDec.Rd: RoundWhole Z2Yhat.Rd: RoundWhole, ginv Please provide package anchors for all Rd \link{} targets not in the package itself and the base packages. Flavors: r-devel-linux-x86_64-debian-gcc, r-devel-windows-x86_64