Last updated on 2024-06-12 19:54:34 CEST.
Flavor | Version | Tinstall | Tcheck | Ttotal | Status | Flags |
---|---|---|---|---|---|---|
r-devel-linux-x86_64-debian-clang | 1.0.1 | 15.34 | 124.06 | 139.40 | OK | |
r-devel-linux-x86_64-debian-gcc | 1.0.1 | 0.35 | 1.90 | 2.25 | ERROR | |
r-devel-linux-x86_64-fedora-clang | 1.0.1 | 180.59 | OK | |||
r-devel-linux-x86_64-fedora-gcc | 1.0.1 | 181.99 | OK | |||
r-devel-windows-x86_64 | 1.0.1 | 12.00 | 126.00 | 138.00 | OK | |
r-patched-linux-x86_64 | 1.0.1 | 12.60 | 117.42 | 130.02 | OK | |
r-release-linux-x86_64 | 1.0.1 | 7.65 | 116.93 | 124.58 | OK | |
r-release-macos-arm64 | 1.0.1 | 54.00 | OK | |||
r-release-macos-x86_64 | 1.0.1 | 83.00 | OK | |||
r-release-windows-x86_64 | 1.0.1 | 11.00 | 130.00 | 141.00 | OK | |
r-oldrel-macos-arm64 | 1.0.1 | 57.00 | OK | |||
r-oldrel-macos-x86_64 | 1.0.1 | 108.00 | OK | |||
r-oldrel-windows-x86_64 | 1.0.1 | 15.00 | 147.00 | 162.00 | OK |
Version: 1.0.1
Check: package dependencies
Result: ERROR
Packages required but not available: 'stringr', 'ggplot2', 'scatterpie'
See section ‘The DESCRIPTION file’ in the ‘Writing R Extensions’
manual.
Flavor: r-devel-linux-x86_64-debian-gcc