CRAN Package Check Results for Package Rexperigen

Last updated on 2025-01-24 10:49:25 CET.

Flavor Version Tinstall Tcheck Ttotal Status Flags
r-devel-linux-x86_64-debian-clang 0.2.1 1.86 21.37 23.23 OK
r-devel-linux-x86_64-debian-gcc 0.2.1 1.57 16.48 18.05 OK
r-devel-linux-x86_64-fedora-clang 0.2.1 37.95 OK
r-devel-linux-x86_64-fedora-gcc 0.2.1 58.25 OK
r-devel-windows-x86_64 0.2.1 4.00 47.00 51.00 OK
r-patched-linux-x86_64 0.2.1 2.16 20.07 22.23 NOTE
r-release-linux-x86_64 0.2.1 1.85 20.54 22.39 NOTE
r-release-macos-arm64 0.2.1 29.00 NOTE
r-release-macos-x86_64 0.2.1 56.00 NOTE
r-release-windows-x86_64 0.2.1 3.00 47.00 50.00 NOTE
r-oldrel-macos-arm64 0.2.1 24.00 NOTE
r-oldrel-macos-x86_64 0.2.1 32.00 NOTE
r-oldrel-windows-x86_64 0.2.1 4.00 49.00 53.00 NOTE

Check Details

Version: 0.2.1
Check: LazyData
Result: NOTE 'LazyData' is specified without a 'data' directory Flavors: r-patched-linux-x86_64, r-release-linux-x86_64, r-release-macos-arm64, r-release-macos-x86_64, r-release-windows-x86_64, r-oldrel-macos-arm64, r-oldrel-macos-x86_64, r-oldrel-windows-x86_64