CRAN Package Check Results for Package SCOPRO

Last updated on 2025-04-30 12:49:16 CEST.

Flavor Version Tinstall Tcheck Ttotal Status Flags
r-devel-linux-x86_64-debian-clang 0.1.0 2.12 29.79 31.91 NOTE
r-devel-linux-x86_64-debian-gcc 0.1.0 1.54 23.57 25.11 NOTE
r-devel-linux-x86_64-fedora-clang 0.1.0 48.43 OK
r-devel-linux-x86_64-fedora-gcc 0.1.0 60.35 OK
r-devel-windows-x86_64 0.1.0 4.00 49.00 53.00 OK
r-patched-linux-x86_64 0.1.0 2.12 26.87 28.99 OK
r-release-linux-x86_64 0.1.0 2.00 27.19 29.19 OK
r-release-macos-arm64 0.1.0 26.00 OK
r-release-macos-x86_64 0.1.0 44.00 OK
r-release-windows-x86_64 0.1.0 4.00 49.00 53.00 OK
r-oldrel-macos-arm64 0.1.0 26.00 OK
r-oldrel-macos-x86_64 0.1.0 36.00 OK
r-oldrel-windows-x86_64 0.1.0 4.00 52.00 56.00 OK

Check Details

Version: 0.1.0
Check: CRAN incoming feasibility
Result: NOTE Maintainer: ‘Gabriele Lubatti <gabriele.lubatti@helmholtz-muenchen.de>’ No Authors@R field in DESCRIPTION. Please add one, modifying Authors@R: person(given = "Gabriele", family = "Lubatti", role = c("aut", "cre"), email = "gabriele.lubatti@helmholtz-muenchen.de") as necessary. Flavors: r-devel-linux-x86_64-debian-clang, r-devel-linux-x86_64-debian-gcc