CRAN Package Check Results for Package STEPCAM

Last updated on 2024-07-19 08:55:10 CEST.

Flavor Version Tinstall Tcheck Ttotal Status Flags
r-devel-linux-x86_64-debian-clang 1.2 6.89 167.60 174.49 NOTE
r-devel-linux-x86_64-debian-gcc 1.2 8.06 122.19 130.25 NOTE
r-devel-linux-x86_64-fedora-clang 1.2 216.26 NOTE
r-devel-linux-x86_64-fedora-gcc 1.2 230.30 NOTE
r-devel-windows-x86_64 1.2 9.00 129.00 138.00 NOTE
r-patched-linux-x86_64 1.2 11.88 156.61 168.49 NOTE
r-release-linux-x86_64 1.2 11.04 159.00 170.04 NOTE
r-release-macos-arm64 1.2 65.00 NOTE
r-release-macos-x86_64 1.2 106.00 NOTE
r-release-windows-x86_64 1.2 9.00 127.00 136.00 NOTE
r-oldrel-macos-arm64 1.2 69.00 OK
r-oldrel-macos-x86_64 1.2 113.00 OK
r-oldrel-windows-x86_64 1.2 12.00 162.00 174.00 OK

Check Details

Version: 1.2
Check: Rd files
Result: NOTE checkRd: (-1) STEPCAM_ABC.Rd:19: Lost braces 19 | \code{rows}{ every row corresponds to a different plot or community} \cr | ^ checkRd: (-1) STEPCAM_ABC.Rd:20: Lost braces 20 | \code{columns}{ every column corresponds to a different species.} \cr | ^ checkRd: (-1) STEPCAM_ABC.Rd:25: Lost braces 25 | \code{rows}{ every row corresponds to a different species} \cr | ^ checkRd: (-1) STEPCAM_ABC.Rd:26: Lost braces 26 | \code{columns}{ the first column contains the name of the species, every consecutive column corresponds to a different trait} \cr | ^ checkRd: (-1) plotSTEPCAM.Rd:16: Lost braces 16 | - \code{DA}{ a vector containing the posterior distribution for the parameter dispersal assembly} \cr | ^ checkRd: (-1) plotSTEPCAM.Rd:17: Lost braces 17 | - \code{HF}{ a vector containing the posterior distribution for the parameter habitat filtering} \cr | ^ checkRd: (-1) plotSTEPCAM.Rd:18: Lost braces 18 | - \code{LS}{ a vector containing the posterior distribution for the parameter limiting similarity} \cr | ^ Flavors: r-devel-linux-x86_64-debian-clang, r-devel-linux-x86_64-debian-gcc, r-devel-linux-x86_64-fedora-clang, r-devel-linux-x86_64-fedora-gcc, r-devel-windows-x86_64, r-patched-linux-x86_64, r-release-linux-x86_64, r-release-macos-arm64, r-release-macos-x86_64, r-release-windows-x86_64