CRAN Package Check Results for Package SemiCompRisks

Last updated on 2024-07-22 08:49:16 CEST.

Flavor Version Tinstall Tcheck Ttotal Status Flags
r-devel-linux-x86_64-debian-clang 3.4 71.67 151.17 222.84 OK
r-devel-linux-x86_64-debian-gcc 3.4 64.61 109.18 173.79 OK
r-devel-linux-x86_64-fedora-clang 3.4 270.54 OK
r-devel-linux-x86_64-fedora-gcc 3.4 312.45 OK
r-devel-windows-x86_64 3.4 87.00 144.00 231.00 OK
r-patched-linux-x86_64 3.4 78.71 140.97 219.68 OK
r-release-linux-x86_64 3.4 80.59 141.56 222.15 OK
r-release-macos-arm64 3.4 75.00 WARN
r-release-macos-x86_64 3.4 108.00 NOTE
r-release-windows-x86_64 3.4 80.00 145.00 225.00 OK
r-oldrel-macos-arm64 3.4 84.00 WARN
r-oldrel-macos-x86_64 3.4 148.00 NOTE
r-oldrel-windows-x86_64 3.4 96.00 169.00 265.00 OK

Check Details

Version: 3.4
Check: installed package size
Result: NOTE installed size is 6.9Mb sub-directories of 1Mb or more: libs 5.8Mb Flavors: r-release-macos-arm64, r-release-macos-x86_64, r-oldrel-macos-arm64, r-oldrel-macos-x86_64

Version: 3.4
Check: re-building of vignette outputs
Result: WARN Error(s) in re-building vignettes: ... --- re-building ‘SemiCompRisks.ltx’ using tex Error: processing vignette 'SemiCompRisks.ltx' failed with diagnostics: Running 'texi2dvi' on 'SemiCompRisks.ltx' failed. LaTeX errors: !pdfTeX error: pdflatex (file bbm8): Font bbm8 at 600 not found ==> Fatal error occurred, no output PDF file produced! --- failed re-building ‘SemiCompRisks.ltx’ SUMMARY: processing the following file failed: ‘SemiCompRisks.ltx’ Error: Vignette re-building failed. Execution halted Flavors: r-release-macos-arm64, r-oldrel-macos-arm64