CRAN Package Check Results for Package SparseM

Last updated on 2025-01-25 13:51:20 CET.

Flavor Version Tinstall Tcheck Ttotal Status Flags
r-devel-linux-x86_64-debian-clang 1.84-2 14.43 45.90 60.33 OK
r-devel-linux-x86_64-debian-gcc 1.84-2 8.74 34.66 43.40 OK
r-devel-linux-x86_64-fedora-clang 1.84-2 100.00 OK
r-devel-linux-x86_64-fedora-gcc 1.84-2 104.20 OK
r-devel-windows-x86_64 1.84-2 18.00 79.00 97.00 OK
r-patched-linux-x86_64 1.84-2 11.14 44.00 55.14 OK
r-release-linux-x86_64 1.84-2 11.37 43.32 54.69 OK
r-release-macos-arm64 1.84-2 64.00 NOTE
r-release-macos-x86_64 1.84-2 153.00 NOTE
r-release-windows-x86_64 1.84-2 21.00 79.00 100.00 OK
r-oldrel-macos-arm64 1.84-2 70.00 NOTE
r-oldrel-macos-x86_64 1.84-2 145.00 NOTE
r-oldrel-windows-x86_64 1.84-2 18.00 82.00 100.00 NOTE

Check Details

Version: 1.84-2
Check: Rd \usage sections
Result: NOTE S3 methods shown with full name in Rd file 'SparseM.ontology.Rd': ‘as.matrix.csr’ ‘is.matrix.csr’ ‘is.matrix.csc’ ‘is.matrix.ssr’ ‘is.matrix.ssc’ ‘is.matrix.coo’ The \usage entries for S3 methods should use the \method markup and not their full name. See chapter ‘Writing R documentation files’ in the ‘Writing R Extensions’ manual. Flavors: r-release-macos-arm64, r-release-macos-x86_64

Version: 1.84-2
Check: Rd \usage sections
Result: NOTE S3 methods shown with full name in documentation object 'SparseM.ontology': ‘as.matrix.csr’ ‘is.matrix.csr’ ‘is.matrix.csc’ ‘is.matrix.ssr’ ‘is.matrix.ssc’ ‘is.matrix.coo’ The \usage entries for S3 methods should use the \method markup and not their full name. See chapter ‘Writing R documentation files’ in the ‘Writing R Extensions’ manual. Flavors: r-oldrel-macos-arm64, r-oldrel-macos-x86_64, r-oldrel-windows-x86_64