Last updated on 2024-06-12 19:54:38 CEST.
Flavor | Version | Tinstall | Tcheck | Ttotal | Status | Flags |
---|---|---|---|---|---|---|
r-devel-linux-x86_64-debian-clang | 1.0.1 | 9.64 | 91.75 | 101.39 | OK | |
r-devel-linux-x86_64-debian-gcc | 1.0.1 | 0.24 | 1.69 | 1.93 | ERROR | |
r-devel-linux-x86_64-fedora-clang | 1.0.1 | 130.09 | OK | |||
r-devel-linux-x86_64-fedora-gcc | 1.0.1 | 121.98 | OK | |||
r-devel-windows-x86_64 | 1.0.1 | 10.00 | 85.00 | 95.00 | OK | |
r-patched-linux-x86_64 | 1.0.1 | 11.50 | 87.75 | 99.25 | OK | |
r-release-linux-x86_64 | 1.0.1 | 8.84 | 86.97 | 95.81 | OK | |
r-release-macos-arm64 | 1.0.1 | 37.00 | OK | |||
r-release-macos-x86_64 | 1.0.1 | 55.00 | OK | |||
r-release-windows-x86_64 | 1.0.1 | 10.00 | 88.00 | 98.00 | OK | |
r-oldrel-macos-arm64 | 1.0.1 | 45.00 | OK | |||
r-oldrel-macos-x86_64 | 1.0.1 | 91.00 | OK | |||
r-oldrel-windows-x86_64 | 1.0.1 | 13.00 | 109.00 | 122.00 | OK |
Version: 1.0.1
Check: package dependencies
Result: ERROR
Packages required but not available: 'ggplot2', 'GGally'
See section ‘The DESCRIPTION file’ in the ‘Writing R Extensions’
manual.
Flavor: r-devel-linux-x86_64-debian-gcc