CRAN Package Check Results for Package StereoMorph

Last updated on 2024-07-18 20:49:15 CEST.

Flavor Version Tinstall Tcheck Ttotal Status Flags
r-devel-linux-x86_64-debian-clang 1.6.7 110.66 109.50 220.16 NOTE
r-devel-linux-x86_64-debian-gcc 1.6.7 70.05 77.50 147.55 NOTE
r-devel-linux-x86_64-fedora-clang 1.6.7 315.53 NOTE
r-devel-linux-x86_64-fedora-gcc 1.6.7 298.90 NOTE
r-devel-windows-x86_64 1.6.7 87.00 109.00 196.00 NOTE
r-patched-linux-x86_64 1.6.7 91.42 103.75 195.17 NOTE
r-release-linux-x86_64 1.6.7 83.11 100.61 183.72 NOTE
r-release-macos-arm64 1.6.7 61.00 NOTE
r-release-macos-x86_64 1.6.7 77.00 NOTE
r-release-windows-x86_64 1.6.7 88.00 113.00 201.00 NOTE
r-oldrel-macos-arm64 1.6.7 78.00 OK
r-oldrel-macos-x86_64 1.6.7 117.00 OK
r-oldrel-windows-x86_64 1.6.7 110.00 137.00 247.00 OK

Check Details

Version: 1.6.7
Check: Rd files
Result: NOTE checkRd: (-1) landmarkMatrixToList.Rd:10: Lost braces 10 | \item{semilandmark.pattern}{a regular expression pattern passed to \code{sub()} for identifying and grouping curve points. The default is landmark names ending in one or more numbers. To disable grouping, set to code{''}.} | ^ Flavors: r-devel-linux-x86_64-debian-clang, r-devel-linux-x86_64-debian-gcc, r-devel-linux-x86_64-fedora-clang, r-devel-linux-x86_64-fedora-gcc, r-devel-windows-x86_64, r-patched-linux-x86_64, r-release-linux-x86_64, r-release-macos-arm64, r-release-macos-x86_64, r-release-windows-x86_64