CRAN Package Check Results for Package UsingR

Last updated on 2024-07-18 20:49:16 CEST.

Flavor Version Tinstall Tcheck Ttotal Status Flags
r-devel-linux-x86_64-debian-clang 2.0-7 10.41 87.18 97.59 NOTE
r-devel-linux-x86_64-debian-gcc 2.0-7 9.26 65.44 74.70 NOTE
r-devel-linux-x86_64-fedora-clang 2.0-7 124.98 NOTE
r-devel-linux-x86_64-fedora-gcc 2.0-7 116.37 NOTE
r-devel-windows-x86_64 2.0-7 13.00 118.00 131.00 NOTE
r-patched-linux-x86_64 2.0-7 8.14 84.66 92.80 NOTE
r-release-linux-x86_64 2.0-7 7.94 81.36 89.30 NOTE
r-release-macos-arm64 2.0-7 37.00 NOTE
r-release-macos-x86_64 2.0-7 56.00 NOTE
r-release-windows-x86_64 2.0-7 12.00 117.00 129.00 NOTE
r-oldrel-macos-arm64 2.0-7 42.00 NOTE
r-oldrel-macos-x86_64 2.0-7 56.00 NOTE
r-oldrel-windows-x86_64 2.0-7 16.00 136.00 152.00 NOTE

Check Details

Version: 2.0-7
Check: Rd files
Result: NOTE checkRd: (-1) aosat.Rd:20: Escaped LaTeX specials: \_ \_ \_ checkRd: (-1) aosat.Rd:21: Escaped LaTeX specials: \_ checkRd: (-1) arctic.oscillations.Rd:19: Escaped LaTeX specials: \_ \_ \_ checkRd: (-1) arctic.oscillations.Rd:20: Escaped LaTeX specials: \_ checkRd: (-1) babies.Rd:28: Escaped LaTeX specials: \& checkRd: (-1) babies.Rd:41: Escaped LaTeX specials: \$ checkRd: (-1) cabinet.Rd:25: Escaped LaTeX specials: \$ checkRd: (-1) cabinet.Rd:43: Escaped LaTeX specials: \$ checkRd: (-1) cabinet.Rd:48: Escaped LaTeX specials: \$ checkRd: (-1) exec.pay.Rd:5: Escaped LaTeX specials: \$ checkRd: (-1) sp500.excess.Rd:4: Escaped LaTeX specials: \& checkRd: (-1) sp500.excess.Rd:6: Escaped LaTeX specials: \& Flavors: r-devel-linux-x86_64-debian-clang, r-devel-linux-x86_64-debian-gcc, r-devel-linux-x86_64-fedora-clang, r-devel-linux-x86_64-fedora-gcc, r-devel-windows-x86_64, r-patched-linux-x86_64, r-release-linux-x86_64, r-release-macos-arm64, r-release-macos-x86_64, r-release-windows-x86_64, r-oldrel-macos-arm64, r-oldrel-macos-x86_64, r-oldrel-windows-x86_64