Last updated on 2024-09-07 15:49:14 CEST.
Flavor | Version | Tinstall | Tcheck | Ttotal | Status | Flags |
---|---|---|---|---|---|---|
r-devel-linux-x86_64-debian-clang | 1.1-11 | 103.40 | 563.42 | 666.82 | NOTE | |
r-devel-linux-x86_64-debian-gcc | 1.1-11 | 63.41 | 324.80 | 388.21 | NOTE | |
r-devel-linux-x86_64-fedora-clang | 1.1-11 | 1051.01 | NOTE | |||
r-devel-linux-x86_64-fedora-gcc | 1.1-11 | 991.84 | OK | |||
r-devel-windows-x86_64 | 1.1-11 | 107.00 | 682.00 | 789.00 | NOTE | |
r-patched-linux-x86_64 | 1.1-11 | 117.88 | 520.43 | 638.31 | OK | |
r-release-linux-x86_64 | 1.1-11 | 81.98 | 516.38 | 598.36 | OK | |
r-release-macos-arm64 | 1.1-11 | 235.00 | NOTE | |||
r-release-macos-x86_64 | 1.1-11 | 337.00 | NOTE | |||
r-release-windows-x86_64 | 1.1-11 | 105.00 | 662.00 | 767.00 | NOTE | |
r-oldrel-macos-arm64 | 1.1-11 | 226.00 | NOTE | |||
r-oldrel-macos-x86_64 | 1.1-11 | 788.00 | NOTE | |||
r-oldrel-windows-x86_64 | 1.1-11 | 129.00 | 791.00 | 920.00 | NOTE |
Version: 1.1-11
Check: Rd cross-references
Result: NOTE
Found the following Rd file(s) with Rd \link{} targets missing package
anchors:
cens.poisson.Rd: Surv
hdeff.Rd: coxph
simplex.Rd: rig
Please provide package anchors for all Rd \link{} targets not in the
package itself and the base packages.
Flavors: r-devel-linux-x86_64-debian-clang, r-devel-linux-x86_64-debian-gcc, r-devel-windows-x86_64
Version: 1.1-11
Check: installed package size
Result: NOTE
installed size is 8.3Mb
sub-directories of 1Mb or more:
R 4.3Mb
help 3.2Mb
Flavors: r-devel-linux-x86_64-fedora-clang, r-devel-windows-x86_64, r-release-macos-arm64, r-release-macos-x86_64, r-release-windows-x86_64, r-oldrel-macos-arm64, r-oldrel-macos-x86_64, r-oldrel-windows-x86_64