CRAN Package Check Results for Package adegenet

Last updated on 2024-07-14 19:49:26 CEST.

Flavor Version Tinstall Tcheck Ttotal Status Flags
r-devel-linux-x86_64-debian-clang 2.1.10 36.19 232.94 269.13 OK
r-devel-linux-x86_64-debian-gcc 2.1.10 25.02 170.13 195.15 OK
r-devel-linux-x86_64-fedora-clang 2.1.10 325.91 OK
r-devel-linux-x86_64-fedora-gcc 2.1.10 312.34 OK
r-devel-windows-x86_64 2.1.10 32.00 200.00 232.00 NOTE
r-patched-linux-x86_64 2.1.10 39.73 221.87 261.60 OK
r-release-linux-x86_64 2.1.10 32.79 220.86 253.65 OK
r-release-macos-arm64 2.1.10 86.00 OK
r-release-macos-x86_64 2.1.10 152.00 OK
r-release-windows-x86_64 2.1.10 33.00 203.00 236.00 OK
r-oldrel-macos-arm64 2.1.10 93.00 NOTE
r-oldrel-macos-x86_64 2.1.10 150.00 NOTE
r-oldrel-windows-x86_64 2.1.10 44.00 253.00 297.00 OK

Check Details

Version: 2.1.10
Check: Rd cross-references
Result: NOTE Found the following Rd file(s) with Rd \link{} targets missing package anchors: df2genind.Rd: hierarchy pairDist.Rd: dist.dna strata-methods.Rd: hierarchy Please provide package anchors for all Rd \link{} targets not in the package itself and the base packages. Flavor: r-devel-windows-x86_64

Version: 2.1.10
Check: installed package size
Result: NOTE installed size is 5.8Mb sub-directories of 1Mb or more: R 2.0Mb data 1.3Mb files 1.7Mb Flavors: r-oldrel-macos-arm64, r-oldrel-macos-x86_64

Version: 2.1.10
Check: package dependencies
Result: NOTE Packages suggested but not available for checking: 'adespatial', 'hierfstat', 'spdep', 'poppr' Flavor: r-oldrel-macos-x86_64

Version: 2.1.10
Check: Rd cross-references
Result: NOTE Package unavailable to check Rd xrefs: ‘spdep’ Flavor: r-oldrel-macos-x86_64