Last updated on 2024-06-12 19:54:11 CEST.
Flavor | Version | Tinstall | Tcheck | Ttotal | Status | Flags |
---|---|---|---|---|---|---|
r-devel-linux-x86_64-debian-clang | 0.1.7 | 3.75 | 41.12 | 44.87 | OK | |
r-devel-linux-x86_64-debian-gcc | 0.1.7 | 0.29 | 1.71 | 2.00 | ERROR | |
r-devel-linux-x86_64-fedora-clang | 0.1.7 | 59.56 | OK | |||
r-devel-linux-x86_64-fedora-gcc | 0.1.7 | 55.24 | OK | |||
r-devel-windows-x86_64 | 0.1.7 | 5.00 | 51.00 | 56.00 | OK | |
r-patched-linux-x86_64 | 0.1.7 | 4.24 | 39.98 | 44.22 | OK | |
r-release-linux-x86_64 | 0.1.7 | 4.70 | 40.62 | 45.32 | OK | |
r-release-macos-arm64 | 0.1.7 | 21.00 | OK | |||
r-release-macos-x86_64 | 0.1.7 | 29.00 | OK | |||
r-release-windows-x86_64 | 0.1.7 | 5.00 | 53.00 | 58.00 | OK | |
r-oldrel-macos-arm64 | 0.1.7 | 22.00 | OK | |||
r-oldrel-macos-x86_64 | 0.1.7 | 37.00 | OK | |||
r-oldrel-windows-x86_64 | 0.1.7 | 7.00 | 57.00 | 64.00 | OK |
Version: 0.1.7
Check: package dependencies
Result: ERROR
Package required but not available: ‘dplyr’
Package suggested but not available for checking: ‘apaTables’
See section ‘The DESCRIPTION file’ in the ‘Writing R Extensions’
manual.
Flavor: r-devel-linux-x86_64-debian-gcc