CRAN Package Check Results for Package aplpack

Last updated on 2025-01-25 13:50:58 CET.

Flavor Version Tinstall Tcheck Ttotal Status Flags
r-devel-linux-x86_64-debian-clang 1.3.5 22.94 109.06 132.00 NOTE
r-devel-linux-x86_64-debian-gcc 1.3.5 17.03 78.02 95.05 NOTE
r-devel-linux-x86_64-fedora-clang 1.3.5 235.70 NOTE
r-devel-linux-x86_64-fedora-gcc 1.3.5 223.96 NOTE
r-devel-windows-x86_64 1.3.5 16.00 112.00 128.00 NOTE
r-patched-linux-x86_64 1.3.5 21.28 103.84 125.12 NOTE
r-release-linux-x86_64 1.3.5 20.82 103.56 124.38 NOTE
r-release-macos-arm64 94.00 FAIL
r-release-macos-x86_64 1.3.5 141.00 NOTE
r-release-windows-x86_64 1.3.5 16.00 108.00 124.00 NOTE
r-oldrel-macos-arm64 1.3.5 58.00 OK
r-oldrel-macos-x86_64 1.3.5 98.00 OK
r-oldrel-windows-x86_64 1.3.5 19.00 118.00 137.00 OK

Check Details

Version: 1.3.5
Check: Rd files
Result: NOTE checkRd: (-1) iconplot.Rd:172: Lost braces 172 | the height of the area containing the panels and a margin of size code{100 * 0.1} | ^ Flavors: r-devel-linux-x86_64-debian-clang, r-devel-linux-x86_64-debian-gcc, r-devel-linux-x86_64-fedora-clang, r-devel-linux-x86_64-fedora-gcc, r-devel-windows-x86_64, r-patched-linux-x86_64, r-release-linux-x86_64, r-release-macos-arm64, r-release-macos-x86_64, r-release-windows-x86_64

Version: 1.3.5
Check: PDF version of manual
Result: FAIL
Flavor: r-release-macos-arm64