CRAN Package Check Results for Package autoFC

Last updated on 2024-07-14 08:48:15 CEST.

Flavor Version Tinstall Tcheck Ttotal Status Flags
r-devel-linux-x86_64-debian-clang 0.2.0.1001 31.98 822.70 854.68 OK
r-devel-linux-x86_64-debian-gcc 0.2.0.1001 26.60 568.30 594.90 OK
r-devel-linux-x86_64-fedora-clang 0.2.0.1001 654.57 OK
r-devel-linux-x86_64-fedora-gcc 0.2.0.1001 611.70 OK
r-devel-windows-x86_64 0.2.0.1001 20.00 563.00 583.00 OK
r-patched-linux-x86_64 0.2.0.1001 21.48 793.34 814.82 OK
r-release-linux-x86_64 0.2.0.1001 0.43 2.33 2.76 ERROR
r-release-macos-arm64 0.2.0.1001 258.00 OK
r-release-macos-x86_64 0.2.0.1001 578.00 OK
r-release-windows-x86_64 0.2.0.1001 21.00 558.00 579.00 OK
r-oldrel-macos-arm64 0.2.0.1001 254.00 OK
r-oldrel-macos-x86_64 0.2.0.1001 653.00 OK
r-oldrel-windows-x86_64 0.2.0.1001 27.00 705.00 732.00 OK

Check Details

Version: 0.2.0.1001
Check: package dependencies
Result: ERROR Package required but not available: ‘thurstonianIRT’ See section ‘The DESCRIPTION file’ in the ‘Writing R Extensions’ manual. Flavor: r-release-linux-x86_64