Last updated on 2024-06-12 19:54:12 CEST.
Flavor | Version | Tinstall | Tcheck | Ttotal | Status | Flags |
---|---|---|---|---|---|---|
r-devel-linux-x86_64-debian-clang | 1.3 | 3.09 | 29.56 | 32.65 | OK | |
r-devel-linux-x86_64-debian-gcc | 1.3 | 0.35 | 1.68 | 2.03 | ERROR | |
r-devel-linux-x86_64-fedora-clang | 1.3 | 41.30 | OK | |||
r-devel-linux-x86_64-fedora-gcc | 1.3 | 38.96 | OK | |||
r-devel-windows-x86_64 | 1.3 | 4.00 | 42.00 | 46.00 | OK | |
r-patched-linux-x86_64 | 1.3 | 4.03 | 29.99 | 34.02 | OK | |
r-release-linux-x86_64 | 1.3 | 3.50 | 28.93 | 32.43 | OK | |
r-release-macos-arm64 | 1.3 | 18.00 | OK | |||
r-release-macos-x86_64 | 1.3 | 23.00 | OK | |||
r-release-windows-x86_64 | 1.3 | 4.00 | 42.00 | 46.00 | OK | |
r-oldrel-macos-arm64 | 1.3 | 19.00 | OK | |||
r-oldrel-macos-x86_64 | 1.3 | 23.00 | OK | |||
r-oldrel-windows-x86_64 | 1.3 | 5.00 | 45.00 | 50.00 | OK |
Version: 1.3
Check: package dependencies
Result: ERROR
Package required but not available: ‘stringr’
See section ‘The DESCRIPTION file’ in the ‘Writing R Extensions’
manual.
Flavor: r-devel-linux-x86_64-debian-gcc