CRAN Package Check Results for Package bfsMaps

Last updated on 2025-01-19 01:48:18 CET.

Flavor Version Tinstall Tcheck Ttotal Status Flags
r-devel-linux-x86_64-debian-clang 1.99.3 12.25 98.13 110.38 NOTE
r-devel-linux-x86_64-debian-gcc 1.99.3 8.10 72.33 80.43 NOTE
r-devel-linux-x86_64-fedora-clang 1.99.3 171.00 OK
r-devel-linux-x86_64-fedora-gcc 1.99.3 182.48 OK
r-devel-windows-x86_64 1.99.3 12.00 99.00 111.00 NOTE
r-patched-linux-x86_64 1.99.3 21.02 91.02 112.04 OK
r-release-linux-x86_64 1.99.3 9.32 92.97 102.29 OK
r-release-macos-arm64 1.99.3 52.00 OK
r-release-macos-x86_64 1.99.3 87.00 OK
r-release-windows-x86_64 1.99.3 12.00 102.00 114.00 OK
r-oldrel-macos-arm64 1.99.3 52.00 OK
r-oldrel-macos-x86_64 1.99.3 120.00 OK
r-oldrel-windows-x86_64 1.99.3 15.00 118.00 133.00 OK

Check Details

Version: 1.99.3
Check: Rd cross-references
Result: NOTE Found the following Rd file(s) with Rd \link{} targets missing package anchors: CombinePolygons.Rd: st_union Please provide package anchors for all Rd \link{} targets not in the package itself and the base packages. Flavors: r-devel-linux-x86_64-debian-clang, r-devel-linux-x86_64-debian-gcc, r-devel-windows-x86_64