Last updated on 2024-06-12 19:54:12 CEST.
Flavor | Version | Tinstall | Tcheck | Ttotal | Status | Flags |
---|---|---|---|---|---|---|
r-devel-linux-x86_64-debian-clang | 0.3 | 1.97 | 23.73 | 25.70 | OK | |
r-devel-linux-x86_64-debian-gcc | 0.3 | 1.64 | 17.75 | 19.39 | ERROR | |
r-devel-linux-x86_64-fedora-clang | 0.3 | 32.90 | OK | |||
r-devel-linux-x86_64-fedora-gcc | 0.3 | 31.14 | OK | |||
r-devel-windows-x86_64 | 0.3 | 3.00 | 44.00 | 47.00 | OK | |
r-patched-linux-x86_64 | 0.3 | 1.93 | 22.94 | 24.87 | OK | |
r-release-linux-x86_64 | 0.3 | 2.04 | 22.92 | 24.96 | OK | |
r-release-macos-arm64 | 0.3 | 15.00 | OK | |||
r-release-macos-x86_64 | 0.3 | 21.00 | OK | |||
r-release-windows-x86_64 | 0.3 | 3.00 | 45.00 | 48.00 | OK | |
r-oldrel-macos-arm64 | 0.3 | 17.00 | OK | |||
r-oldrel-macos-x86_64 | 0.3 | 20.00 | OK | |||
r-oldrel-windows-x86_64 | 0.3 | 4.00 | 46.00 | 50.00 | OK |
Version: 0.3
Check: package dependencies
Result: NOTE
Package suggested but not available for checking: ‘testthat’
Flavor: r-devel-linux-x86_64-debian-gcc
Version: 0.3
Check: tests
Result: ERROR
Running ‘test-all.R’ [0s/1s]
Running the tests in ‘tests/test-all.R’ failed.
Complete output:
> library(testthat)
Error in library(testthat) : there is no package called 'testthat'
Execution halted
Flavor: r-devel-linux-x86_64-debian-gcc