CRAN Package Check Results for Package bodycompref

Last updated on 2025-01-17 10:48:18 CET.

Flavor Version Tinstall Tcheck Ttotal Status Flags
r-devel-linux-x86_64-debian-clang 2.0.1 9.16 73.56 82.72 OK
r-devel-linux-x86_64-debian-gcc 2.0.1 5.78 55.83 61.61 OK
r-devel-linux-x86_64-fedora-clang 2.0.1 131.96 OK
r-devel-linux-x86_64-fedora-gcc 2.0.1 139.97 OK
r-devel-windows-x86_64 2.0.1 10.00 89.00 99.00 OK
r-patched-linux-x86_64 2.0.1 7.80 68.58 76.38 NOTE
r-release-linux-x86_64 2.0.1 6.81 67.75 74.56 NOTE
r-release-macos-arm64 2.0.1 55.00 NOTE
r-release-macos-x86_64 2.0.1 142.00 NOTE
r-release-windows-x86_64 2.0.1 10.00 84.00 94.00 NOTE
r-oldrel-macos-arm64 2.0.1 59.00 NOTE
r-oldrel-macos-x86_64 2.0.1 97.00 NOTE
r-oldrel-windows-x86_64 2.0.1 10.00 97.00 107.00 NOTE

Check Details

Version: 2.0.1
Check: package dependencies
Result: NOTE Packages suggested but not available for checking: 'adiposerefdata', 'musclerefdata' Flavors: r-patched-linux-x86_64, r-release-linux-x86_64, r-release-macos-arm64, r-release-macos-x86_64, r-release-windows-x86_64, r-oldrel-macos-arm64, r-oldrel-macos-x86_64, r-oldrel-windows-x86_64