Last updated on 2025-01-19 01:48:18 CET.
Flavor | Version | Tinstall | Tcheck | Ttotal | Status | Flags |
---|---|---|---|---|---|---|
r-devel-linux-x86_64-debian-clang | 0.8.9 | 134.48 | 151.43 | 285.91 | OK | |
r-devel-linux-x86_64-debian-gcc | 0.8.9 | 115.00 | 119.94 | 234.94 | OK | |
r-devel-linux-x86_64-fedora-clang | 0.8.9 | 463.54 | OK | |||
r-devel-linux-x86_64-fedora-gcc | 0.8.9 | 577.18 | OK | |||
r-devel-windows-x86_64 | 0.8.9 | 124.00 | 158.00 | 282.00 | OK | |
r-patched-linux-x86_64 | 0.8.9 | 137.54 | 159.02 | 296.56 | OK | |
r-release-linux-x86_64 | 0.8.9 | 161.16 | 159.68 | 320.84 | OK | |
r-release-macos-arm64 | 0.8.9 | 119.00 | NOTE | |||
r-release-macos-x86_64 | 0.8.9 | 162.00 | NOTE | |||
r-release-windows-x86_64 | 0.8.9 | 128.00 | 163.00 | 291.00 | OK | |
r-oldrel-macos-arm64 | 0.8.9 | 137.00 | NOTE | |||
r-oldrel-macos-x86_64 | 0.8.9 | 212.00 | NOTE | |||
r-oldrel-windows-x86_64 | 0.8.9 | 172.00 | 198.00 | 370.00 | OK |
Version: 0.8.9
Check: installed package size
Result: NOTE
installed size is 45.3Mb
sub-directories of 1Mb or more:
libs 45.0Mb
Flavors: r-release-macos-arm64, r-release-macos-x86_64, r-oldrel-macos-arm64, r-oldrel-macos-x86_64
Version: 0.8.9
Check: for GNU extensions in Makefiles
Result: NOTE
GNU make is a SystemRequirements.
Flavors: r-release-macos-arm64, r-release-macos-x86_64, r-oldrel-macos-arm64, r-oldrel-macos-x86_64