CRAN Package Check Results for Package candisc

Last updated on 2024-07-14 08:48:16 CEST.

Flavor Version Tinstall Tcheck Ttotal Status Flags
r-devel-linux-x86_64-debian-clang 0.9.0 8.62 88.57 97.19 OK
r-devel-linux-x86_64-debian-gcc 0.9.0 6.71 66.76 73.47 OK
r-devel-linux-x86_64-fedora-clang 0.9.0 122.34 NOTE
r-devel-linux-x86_64-fedora-gcc 0.9.0 126.13 OK
r-devel-windows-x86_64 0.9.0 10.00 89.00 99.00 OK
r-patched-linux-x86_64 0.9.0 9.25 82.40 91.65 OK
r-release-linux-x86_64 0.9.0 5.85 83.66 89.51 OK
r-release-macos-arm64 0.9.0 43.00 OK
r-release-macos-x86_64 0.9.0 58.00 OK
r-release-windows-x86_64 0.9.0 10.00 88.00 98.00 OK
r-oldrel-macos-arm64 0.9.0 46.00 OK
r-oldrel-macos-x86_64 0.9.0 83.00 OK
r-oldrel-windows-x86_64 0.9.0 11.00 101.00 112.00 OK

Check Details

Version: 0.9.0
Check: Rd cross-references
Result: NOTE Undeclared packages ‘yacca’, ‘CCA’ in Rd xrefs Flavor: r-devel-linux-x86_64-fedora-clang