Last updated on 2024-06-12 19:54:15 CEST.
Flavor | Version | Tinstall | Tcheck | Ttotal | Status | Flags |
---|---|---|---|---|---|---|
r-devel-linux-x86_64-debian-clang | 1.3 | 7.32 | 59.14 | 66.46 | OK | |
r-devel-linux-x86_64-debian-gcc | 1.3 | 0.28 | 1.55 | 1.83 | ERROR | |
r-devel-linux-x86_64-fedora-clang | 1.3 | 81.34 | OK | |||
r-devel-linux-x86_64-fedora-gcc | 1.3 | 77.26 | OK | |||
r-devel-windows-x86_64 | 1.3 | 8.00 | 64.00 | 72.00 | OK | |
r-patched-linux-x86_64 | 1.3 | 7.74 | 55.78 | 63.52 | OK | |
r-release-linux-x86_64 | 1.3 | 5.60 | 55.41 | 61.01 | OK | |
r-release-macos-arm64 | 1.3 | 27.00 | OK | |||
r-release-macos-x86_64 | 1.3 | 40.00 | OK | |||
r-release-windows-x86_64 | 1.3 | 7.00 | 65.00 | 72.00 | OK | |
r-oldrel-macos-arm64 | 1.3 | 31.00 | OK | |||
r-oldrel-macos-x86_64 | 1.3 | 41.00 | OK | |||
r-oldrel-windows-x86_64 | 1.3 | 9.00 | 75.00 | 84.00 | OK |
Version: 1.3
Check: package dependencies
Result: ERROR
Packages required but not available: 'reshape2', 'ggplot2'
See section ‘The DESCRIPTION file’ in the ‘Writing R Extensions’
manual.
Flavor: r-devel-linux-x86_64-debian-gcc