CRAN Package Check Results for Package covdepGE

Last updated on 2024-07-19 08:54:53 CEST.

Flavor Version Tinstall Tcheck Ttotal Status Flags
r-devel-linux-x86_64-debian-clang 1.0.1 45.24 122.86 168.10 NOTE
r-devel-linux-x86_64-debian-gcc 1.0.1 22.26 218.06 240.32 NOTE
r-devel-linux-x86_64-fedora-clang 1.0.1 289.05 NOTE
r-devel-linux-x86_64-fedora-gcc 1.0.1 284.98 NOTE
r-devel-windows-x86_64 1.0.1 29.00 114.00 143.00 NOTE
r-patched-linux-x86_64 1.0.1 37.12 252.26 289.38 NOTE
r-release-linux-x86_64 1.0.1 36.64 248.20 284.84 NOTE
r-release-macos-arm64 1.0.1 55.00 NOTE
r-release-macos-x86_64 1.0.1 78.00 NOTE
r-release-windows-x86_64 1.0.1 38.00 115.00 153.00 NOTE
r-oldrel-macos-arm64 1.0.1 65.00 NOTE
r-oldrel-macos-x86_64 1.0.1 94.00 NOTE
r-oldrel-windows-x86_64 1.0.1 47.00 136.00 183.00 NOTE

Check Details

Version: 1.0.1
Check: C++ specification
Result: NOTE Specified C++11: please drop specification unless essential Flavors: r-devel-linux-x86_64-debian-clang, r-devel-linux-x86_64-debian-gcc, r-devel-linux-x86_64-fedora-clang, r-devel-linux-x86_64-fedora-gcc, r-devel-windows-x86_64, r-patched-linux-x86_64, r-release-linux-x86_64, r-release-macos-arm64, r-release-macos-x86_64, r-release-windows-x86_64, r-oldrel-macos-arm64, r-oldrel-macos-x86_64, r-oldrel-windows-x86_64