Last updated on 2025-01-20 05:48:17 CET.
Flavor | Version | Tinstall | Tcheck | Ttotal | Status | Flags |
---|---|---|---|---|---|---|
r-devel-linux-x86_64-debian-clang | 6.1.0 | 8.15 | 45.04 | 53.19 | NOTE | |
r-devel-linux-x86_64-debian-gcc | 6.1.0 | 7.40 | 33.89 | 41.29 | NOTE | |
r-devel-linux-x86_64-fedora-clang | 6.1.0 | 80.96 | NOTE | |||
r-devel-linux-x86_64-fedora-gcc | 6.1.0 | 96.33 | NOTE | |||
r-devel-windows-x86_64 | 6.1.0 | 64.00 | 184.00 | 248.00 | NOTE | |
r-patched-linux-x86_64 | 6.1.0 | 7.71 | 43.48 | 51.19 | NOTE | |
r-release-linux-x86_64 | 6.1.0 | 7.59 | 44.02 | 51.61 | NOTE | |
r-release-macos-arm64 | 6.1.0 | 180.00 | NOTE | |||
r-release-macos-x86_64 | 6.1.0 | 195.00 | NOTE | |||
r-release-windows-x86_64 | 6.1.0 | 68.00 | 184.00 | 252.00 | NOTE | |
r-oldrel-macos-arm64 | 6.1.0 | 166.00 | NOTE | |||
r-oldrel-macos-x86_64 | 6.1.0 | 211.00 | NOTE | |||
r-oldrel-windows-x86_64 | 6.1.0 | 67.00 | 202.00 | 269.00 | NOTE |
Version: 6.1.0
Check: compiled code
Result: NOTE
File ‘curl/libs/curl.so’:
Found non-API call to R: ‘R_new_custom_connection’
Compiled code should not call non-API entry points in R.
See ‘Writing portable packages’ in the ‘Writing R Extensions’ manual,
and section ‘Moving into C API compliance’ for issues with the use of
non-API entry points.
Flavors: r-devel-linux-x86_64-debian-clang, r-devel-linux-x86_64-debian-gcc, r-devel-linux-x86_64-fedora-clang, r-devel-linux-x86_64-fedora-gcc
Version: 6.1.0
Check: compiled code
Result: NOTE
File 'curl/libs/x64/curl.dll':
Found non-API call to R: 'R_new_custom_connection'
Compiled code should not call non-API entry points in R.
See 'Writing portable packages' in the 'Writing R Extensions' manual,
and section 'Moving into C API compliance' for issues with the use of
non-API entry points.
Flavor: r-devel-windows-x86_64
Version: 6.1.0
Check: compiled code
Result: NOTE
File ‘curl/libs/curl.so’:
Found non-API call to R: ‘R_new_custom_connection’
Compiled code should not call non-API entry points in R.
See ‘Writing portable packages’ in the ‘Writing R Extensions’ manual.
Flavors: r-patched-linux-x86_64, r-release-linux-x86_64, r-release-macos-arm64, r-release-macos-x86_64, r-oldrel-macos-arm64, r-oldrel-macos-x86_64
Version: 6.1.0
Check: installed package size
Result: NOTE
installed size is 8.5Mb
sub-directories of 1Mb or more:
doc 1.8Mb
libs 6.5Mb
Flavors: r-release-windows-x86_64, r-oldrel-windows-x86_64
Version: 6.1.0
Check: compiled code
Result: NOTE
File 'curl/libs/x64/curl.dll':
Found non-API call to R: 'R_new_custom_connection'
Compiled code should not call non-API entry points in R.
See 'Writing portable packages' in the 'Writing R Extensions' manual.
Flavors: r-release-windows-x86_64, r-oldrel-windows-x86_64