Last updated on 2024-06-12 19:54:15 CEST.
Flavor | Version | Tinstall | Tcheck | Ttotal | Status | Flags |
---|---|---|---|---|---|---|
r-devel-linux-x86_64-debian-clang | 3.2.25 | 14.09 | 154.22 | 168.31 | OK | |
r-devel-linux-x86_64-debian-gcc | 3.2.28 | 0.71 | 1.86 | 2.57 | ERROR | |
r-devel-linux-x86_64-fedora-clang | 3.2.28 | 215.20 | OK | |||
r-devel-linux-x86_64-fedora-gcc | 3.2.28 | 214.99 | OK | |||
r-devel-windows-x86_64 | 3.2.25 | 17.00 | 153.00 | 170.00 | OK | |
r-patched-linux-x86_64 | 3.2.25 | 28.17 | 151.57 | 179.74 | OK | |
r-release-linux-x86_64 | 3.2.25 | 16.56 | 148.78 | 165.34 | OK | |
r-release-macos-arm64 | 3.2.25 | 56.00 | OK | |||
r-release-macos-x86_64 | 3.2.28 | 112.00 | OK | |||
r-release-windows-x86_64 | 3.2.25 | 17.00 | 153.00 | 170.00 | OK | |
r-oldrel-macos-arm64 | 3.2.25 | 62.00 | OK | |||
r-oldrel-macos-x86_64 | 3.2.28 | 118.00 | OK | |||
r-oldrel-windows-x86_64 | 3.2.25 | 21.00 | 180.00 | 201.00 | OK |
Version: 3.2.28
Check: package dependencies
Result: ERROR
Packages required but not available: 'ggplot2', 'ggpubr'
Packages suggested but not available for checking: 'testthat', 'vdiffr'
See section ‘The DESCRIPTION file’ in the ‘Writing R Extensions’
manual.
Flavor: r-devel-linux-x86_64-debian-gcc