CRAN Package Check Results for Package dbcsp

Last updated on 2024-07-16 08:50:34 CEST.

Flavor Version Tinstall Tcheck Ttotal Status Flags
r-devel-linux-x86_64-debian-clang 0.0.2.1 27.49 222.25 249.74 OK
r-devel-linux-x86_64-debian-gcc 0.0.2.1 20.78 161.64 182.42 OK
r-devel-linux-x86_64-fedora-clang 0.0.2.1 312.13 OK
r-devel-linux-x86_64-fedora-gcc 0.0.2.1 291.97 OK
r-devel-windows-x86_64 0.0.2.1 22.00 146.00 168.00 NOTE
r-patched-linux-x86_64 0.0.2.1 23.14 216.55 239.69 OK
r-release-linux-x86_64 0.0.2.1 17.75 216.00 233.75 OK
r-release-macos-arm64 0.0.2.1 118.00 OK
r-release-macos-x86_64 0.0.2.1 126.00 OK
r-release-windows-x86_64 0.0.2.1 21.00 148.00 169.00 OK
r-oldrel-macos-arm64 0.0.2.1 82.00 OK
r-oldrel-macos-x86_64 0.0.2.1 140.00 OK
r-oldrel-windows-x86_64 0.0.2.1 29.00 179.00 208.00 OK

Check Details

Version: 0.0.2.1
Check: Rd cross-references
Result: NOTE Found the following Rd file(s) with Rd \link{} targets missing package anchors: dbcsp-class.Rd: TSDatabaseDistances, parallelDist predict.dbcsp.Rd: predict.lda Please provide package anchors for all Rd \link{} targets not in the package itself and the base packages. Flavor: r-devel-windows-x86_64