CRAN Package Check Results for Package ddsPLS

Last updated on 2025-01-26 01:48:22 CET.

Flavor Version Tinstall Tcheck Ttotal Status Flags
r-devel-linux-x86_64-debian-clang 1.2.1 41.01 70.82 111.83 OK
r-devel-linux-x86_64-debian-gcc 1.2.1 33.95 52.09 86.04 OK
r-devel-linux-x86_64-fedora-clang 1.2.1 182.29 OK
r-devel-linux-x86_64-fedora-gcc 1.2.1 220.51 OK
r-devel-windows-x86_64 1.2.1 40.00 108.00 148.00 OK
r-patched-linux-x86_64 1.2.1 46.43 71.58 118.01 OK
r-release-linux-x86_64 1.2.1 44.95 72.74 117.69 OK
r-release-macos-arm64 1.2.1 60.00 NOTE
r-release-macos-x86_64 1.2.1 91.00 NOTE
r-release-windows-x86_64 1.2.1 40.00 115.00 155.00 OK
r-oldrel-macos-arm64 1.2.1 65.00 NOTE
r-oldrel-macos-x86_64 1.2.1 121.00 NOTE
r-oldrel-windows-x86_64 1.2.1 48.00 135.00 183.00 OK

Check Details

Version: 1.2.1
Check: installed package size
Result: NOTE installed size is 15.2Mb sub-directories of 1Mb or more: libs 14.5Mb Flavors: r-release-macos-arm64, r-release-macos-x86_64, r-oldrel-macos-arm64, r-oldrel-macos-x86_64