Last updated on 2024-09-07 15:48:55 CEST.
Flavor | Version | Tinstall | Tcheck | Ttotal | Status | Flags |
---|---|---|---|---|---|---|
r-devel-linux-x86_64-debian-clang | 1.0-2.2 | 161.48 | 126.70 | 288.18 | NOTE | |
r-devel-linux-x86_64-debian-gcc | 1.0-2.2 | 139.84 | 103.21 | 243.05 | NOTE | |
r-devel-linux-x86_64-fedora-clang | 1.0-2.2 | 491.27 | NOTE | |||
r-devel-linux-x86_64-fedora-gcc | 1.0-2.2 | 583.32 | NOTE | |||
r-devel-windows-x86_64 | 1.0-2.2 | 176.00 | 177.00 | 353.00 | NOTE | |
r-patched-linux-x86_64 | 1.0-2.2 | 186.90 | 133.19 | 320.09 | NOTE | |
r-release-linux-x86_64 | 1.0-2.2 | 181.86 | 134.56 | 316.42 | NOTE | |
r-release-macos-arm64 | 1.0-2.2 | 123.00 | NOTE | |||
r-release-macos-x86_64 | 1.0-2.2 | 185.00 | NOTE | |||
r-release-windows-x86_64 | 1.0-2.2 | 183.00 | 172.00 | 355.00 | NOTE | |
r-oldrel-macos-arm64 | 1.0-2.2 | 134.00 | NOTE | |||
r-oldrel-macos-x86_64 | 1.0-2.2 | 206.00 | NOTE | |||
r-oldrel-windows-x86_64 | 1.0-2.2 | 219.00 | 193.00 | 412.00 | NOTE |
Version: 1.0-2.2
Check: for GNU extensions in Makefiles
Result: NOTE
GNU make is a SystemRequirements.
Flavors: r-devel-linux-x86_64-debian-clang, r-devel-linux-x86_64-debian-gcc, r-devel-linux-x86_64-fedora-clang, r-devel-linux-x86_64-fedora-gcc, r-devel-windows-x86_64, r-patched-linux-x86_64, r-release-linux-x86_64, r-release-macos-arm64, r-release-macos-x86_64, r-release-windows-x86_64, r-oldrel-macos-arm64, r-oldrel-macos-x86_64, r-oldrel-windows-x86_64
Version: 1.0-2.2
Check: installed package size
Result: NOTE
installed size is 44.7Mb
sub-directories of 1Mb or more:
doc 1.9Mb
libs 42.5Mb
Flavors: r-release-macos-arm64, r-release-macos-x86_64, r-oldrel-macos-arm64, r-oldrel-macos-x86_64