CRAN Package Check Results for Package denseFLMM

Last updated on 2024-07-25 09:46:57 CEST.

Flavor Version Tinstall Tcheck Ttotal Status Flags
r-devel-linux-x86_64-debian-clang 0.1.2 9.15 69.67 78.82 NOTE
r-devel-linux-x86_64-debian-gcc 0.1.2 6.38 52.27 58.65 NOTE
r-devel-linux-x86_64-fedora-clang 0.1.2 95.01 NOTE
r-devel-linux-x86_64-fedora-gcc 0.1.2 95.27 NOTE
r-devel-windows-x86_64 0.1.2 7.00 65.00 72.00 NOTE
r-patched-linux-x86_64 0.1.2 NOTE
r-release-linux-x86_64 0.1.2 5.31 64.09 69.40 NOTE
r-release-macos-arm64 0.1.2 30.00 NOTE
r-release-macos-x86_64 0.1.2 54.00 NOTE
r-release-windows-x86_64 0.1.2 7.00 63.00 70.00 NOTE
r-oldrel-macos-arm64 0.1.2 33.00 NOTE
r-oldrel-macos-x86_64 0.1.2 54.00 NOTE
r-oldrel-windows-x86_64 0.1.2 10.00 82.00 92.00 NOTE

Check Details

Version: 0.1.2
Check: package subdirectories
Result: NOTE Problems with news in ‘NEWS.md’: No news entries found. Flavors: r-devel-linux-x86_64-debian-clang, r-devel-linux-x86_64-debian-gcc, r-devel-linux-x86_64-fedora-clang, r-devel-linux-x86_64-fedora-gcc, r-devel-windows-x86_64, r-patched-linux-x86_64, r-release-linux-x86_64, r-release-macos-arm64, r-release-macos-x86_64, r-release-windows-x86_64, r-oldrel-macos-arm64, r-oldrel-macos-x86_64, r-oldrel-windows-x86_64

Version: 0.1.2
Check: LazyData
Result: NOTE 'LazyData' is specified without a 'data' directory Flavors: r-devel-linux-x86_64-debian-clang, r-devel-linux-x86_64-debian-gcc, r-devel-linux-x86_64-fedora-clang, r-devel-linux-x86_64-fedora-gcc, r-devel-windows-x86_64, r-patched-linux-x86_64, r-release-linux-x86_64, r-release-macos-arm64, r-release-macos-x86_64, r-release-windows-x86_64, r-oldrel-macos-arm64, r-oldrel-macos-x86_64, r-oldrel-windows-x86_64

Version: 0.1.2
Check: Rd cross-references
Result: NOTE Found the following Rd file(s) with Rd \link{} targets missing package anchors: denseFLMM.Rd: gamm, mgcv, gam, bam Please provide package anchors for all Rd \link{} targets not in the package itself and the base packages. Flavors: r-devel-linux-x86_64-debian-gcc, r-devel-windows-x86_64

Version: 0.1.2
Check: dependencies in R code
Result: NOTE Namespace in Imports field not imported from: ‘mvtnorm’ All declared Imports should be used. Flavors: r-devel-linux-x86_64-fedora-clang, r-devel-linux-x86_64-fedora-gcc