Last updated on 2024-06-12 19:54:16 CEST.
Flavor | Version | Tinstall | Tcheck | Ttotal | Status | Flags |
---|---|---|---|---|---|---|
r-devel-linux-x86_64-debian-clang | 0.4.0 | 9.50 | 84.67 | 94.17 | OK | |
r-devel-linux-x86_64-debian-gcc | 0.4.0 | 0.35 | 1.76 | 2.11 | ERROR | |
r-devel-linux-x86_64-fedora-clang | 0.4.0 | 114.25 | OK | |||
r-devel-linux-x86_64-fedora-gcc | 0.4.0 | 109.72 | OK | |||
r-devel-windows-x86_64 | 0.4.0 | 9.00 | 78.00 | 87.00 | OK | |
r-patched-linux-x86_64 | 0.4.0 | 8.94 | 82.48 | 91.42 | OK | |
r-release-linux-x86_64 | 0.4.0 | 8.07 | 80.98 | 89.05 | OK | |
r-release-macos-arm64 | 0.4.0 | 36.00 | OK | |||
r-release-macos-x86_64 | 0.4.0 | 53.00 | OK | |||
r-release-windows-x86_64 | 0.4.0 | 9.00 | 82.00 | 91.00 | OK | |
r-oldrel-macos-arm64 | 0.4.0 | 43.00 | OK | |||
r-oldrel-macos-x86_64 | 0.4.0 | 93.00 | OK | |||
r-oldrel-windows-x86_64 | 0.4.0 | 12.00 | 96.00 | 108.00 | OK |
Version: 0.4.0
Check: package dependencies
Result: ERROR
Packages required but not available: 'nloptr', 'systemfit', 'optimx'
See section ‘The DESCRIPTION file’ in the ‘Writing R Extensions’
manual.
Flavor: r-devel-linux-x86_64-debian-gcc