CRAN Package Check Results for Package dsample

Last updated on 2024-07-21 08:49:15 CEST.

Flavor Version Tinstall Tcheck Ttotal Status Flags
r-devel-linux-x86_64-debian-clang 0.91.3.4 1.40 39.00 40.40 OK
r-devel-linux-x86_64-debian-gcc 0.91.3.4 1.65 29.69 31.34 OK
r-devel-linux-x86_64-fedora-clang 0.91.3.4 53.27 NOTE
r-devel-linux-x86_64-fedora-gcc 0.91.3.4 63.36 NOTE
r-devel-windows-x86_64 0.91.3.4 3.00 58.00 61.00 OK
r-patched-linux-x86_64 0.91.3.4 1.36 39.21 40.57 OK
r-release-linux-x86_64 0.91.3.4 1.96 38.54 40.50 OK
r-release-macos-arm64 0.91.3.4 26.00 OK
r-release-macos-x86_64 0.91.3.4 39.00 OK
r-release-windows-x86_64 0.91.3.4 3.00 58.00 61.00 OK
r-oldrel-macos-arm64 0.91.3.4 27.00 OK
r-oldrel-macos-x86_64 0.91.3.4 37.00 OK
r-oldrel-windows-x86_64 0.91.3.4 3.00 59.00 62.00 OK

Check Details

Version: 0.91.3.4
Check: dependencies in R code
Result: NOTE Namespace in Imports field not imported from: ‘mnormt’ All declared Imports should be used. Flavors: r-devel-linux-x86_64-fedora-clang, r-devel-linux-x86_64-fedora-gcc