CRAN Package Check Results for Package easypackages

Last updated on 2025-01-21 20:49:42 CET.

Flavor Version Tinstall Tcheck Ttotal Status Flags
r-devel-linux-x86_64-debian-clang 0.1.0 7.10 53.28 60.38 OK
r-devel-linux-x86_64-debian-gcc 0.1.0 4.64 37.77 42.41 OK
r-devel-linux-x86_64-fedora-clang 0.1.0 101.75 OK
r-devel-linux-x86_64-fedora-gcc 0.1.0 105.79 OK
r-devel-windows-x86_64 0.1.0 8.00 70.00 78.00 OK
r-patched-linux-x86_64 0.1.0 5.47 49.70 55.17 NOTE
r-release-linux-x86_64 0.1.0 5.60 50.28 55.88 NOTE
r-release-macos-arm64 0.1.0 36.00 NOTE
r-release-macos-x86_64 0.1.0 53.00 NOTE
r-release-windows-x86_64 0.1.0 7.00 69.00 76.00 NOTE
r-oldrel-macos-arm64 0.1.0 42.00 NOTE
r-oldrel-macos-x86_64 0.1.0 65.00 NOTE
r-oldrel-windows-x86_64 0.1.0 12.00 78.00 90.00 NOTE

Check Details

Version: 0.1.0
Check: LazyData
Result: NOTE 'LazyData' is specified without a 'data' directory Flavors: r-patched-linux-x86_64, r-release-linux-x86_64, r-release-macos-arm64, r-release-macos-x86_64, r-release-windows-x86_64, r-oldrel-macos-arm64, r-oldrel-macos-x86_64, r-oldrel-windows-x86_64