CRAN Package Check Results for Package fDMA

Last updated on 2025-01-20 05:48:19 CET.

Flavor Version Tinstall Tcheck Ttotal Status Flags
r-devel-linux-x86_64-debian-clang 2.2.7 32.16 101.94 134.10 NOTE
r-devel-linux-x86_64-debian-gcc 2.2.7 22.53 69.51 92.04 NOTE
r-devel-linux-x86_64-fedora-clang 2.2.7 225.87 NOTE
r-devel-linux-x86_64-fedora-gcc 2.2.7 229.14 NOTE
r-devel-windows-x86_64 2.2.7 34.00 139.00 173.00 NOTE
r-patched-linux-x86_64 2.2.7 32.88 92.96 125.84 NOTE
r-release-linux-x86_64 2.2.7 32.33 93.93 126.26 NOTE
r-release-macos-arm64 2.2.7 59.00 NOTE
r-release-macos-x86_64 2.2.7 145.00 NOTE
r-release-windows-x86_64 2.2.7 36.00 142.00 178.00 NOTE
r-oldrel-macos-arm64 2.2.7 58.00 OK
r-oldrel-macos-x86_64 2.2.7 102.00 OK
r-oldrel-windows-x86_64 2.2.7 40.00 168.00 208.00 OK

Check Details

Version: 2.2.7
Check: Rd files
Result: NOTE checkRd: (-1) plot.dma.Rd:46: Lost braces; missing escapes or markup? 46 | If {x} comes from estimation of Dynamic Model Selection (DMS) or Median Probability Model (MED), after executing \code{plot} the User is asked to choose | ^ Flavors: r-devel-linux-x86_64-debian-clang, r-devel-linux-x86_64-debian-gcc, r-devel-linux-x86_64-fedora-clang, r-devel-linux-x86_64-fedora-gcc, r-devel-windows-x86_64, r-patched-linux-x86_64, r-release-linux-x86_64, r-release-macos-arm64, r-release-macos-x86_64, r-release-windows-x86_64