CRAN Package Check Results for Package factoextra

Last updated on 2024-07-20 08:49:40 CEST.

Flavor Version Tinstall Tcheck Ttotal Status Flags
r-devel-linux-x86_64-debian-clang 1.0.7 10.45 122.35 132.80 NOTE
r-devel-linux-x86_64-debian-gcc 1.0.7 9.02 87.97 96.99 NOTE
r-devel-linux-x86_64-fedora-clang 1.0.7 168.82 NOTE
r-devel-linux-x86_64-fedora-gcc 1.0.7 161.56 NOTE
r-devel-windows-x86_64 1.0.7 11.00 106.00 117.00 NOTE
r-patched-linux-x86_64 1.0.7 10.25 114.81 125.06 NOTE
r-release-linux-x86_64 1.0.7 7.72 115.01 122.73 NOTE
r-release-macos-arm64 1.0.7 44.00 NOTE
r-release-macos-x86_64 1.0.7 66.00 NOTE
r-release-windows-x86_64 1.0.7 11.00 107.00 118.00 NOTE
r-oldrel-macos-arm64 1.0.7 50.00 OK
r-oldrel-macos-x86_64 1.0.7 73.00 OK
r-oldrel-windows-x86_64 1.0.7 14.00 127.00 141.00 OK

Check Details

Version: 1.0.7
Check: Rd files
Result: NOTE checkRd: (-1) fviz_nbclust.Rd:75: Lost braces; missing escapes or markup? 75 | (2001) proposed: "the smallest k such that gap(k) >= gap(k+1) - s_{k+1}". | ^ checkRd: (-1) fviz_nbclust.Rd:77: Lost braces; missing escapes or markup? 77 | SE.factor*s_{k+1}" where SE.factor is a numeric value which can be 1 | ^ Flavors: r-devel-linux-x86_64-debian-clang, r-devel-linux-x86_64-debian-gcc, r-devel-linux-x86_64-fedora-clang, r-devel-linux-x86_64-fedora-gcc, r-devel-windows-x86_64, r-patched-linux-x86_64, r-release-linux-x86_64, r-release-macos-arm64, r-release-macos-x86_64, r-release-windows-x86_64