CRAN Package Check Results for Package fbnet

Last updated on 2025-01-19 01:48:22 CET.

Flavor Version Tinstall Tcheck Ttotal Status Flags
r-devel-linux-x86_64-debian-clang 1.0.3 11.04 73.13 84.17 OK
r-devel-linux-x86_64-debian-gcc 1.0.3 7.51 53.53 61.04 OK
r-devel-linux-x86_64-fedora-clang 1.0.3 136.99 NOTE
r-devel-linux-x86_64-fedora-gcc 1.0.3 130.19 NOTE
r-devel-windows-x86_64 1.0.3 12.00 85.00 97.00 OK
r-patched-linux-x86_64 1.0.3 10.97 69.96 80.93 OK
r-release-linux-x86_64 1.0.3 11.29 69.68 80.97 OK
r-release-macos-arm64 1.0.3 33.00 OK
r-release-macos-x86_64 1.0.3 56.00 OK
r-release-windows-x86_64 1.0.3 11.00 85.00 96.00 OK
r-oldrel-macos-arm64 1.0.3 39.00 OK
r-oldrel-macos-x86_64 1.0.3 98.00 OK
r-oldrel-windows-x86_64 1.0.3 14.00 98.00 112.00 OK

Check Details

Version: 1.0.3
Check: dependencies in R code
Result: NOTE Namespaces in Imports field not imported from: ‘assertthat’ ‘utils’ All declared Imports should be used. Flavors: r-devel-linux-x86_64-fedora-clang, r-devel-linux-x86_64-fedora-gcc