Last updated on 2025-01-19 01:48:22 CET.
Flavor | Version | Tinstall | Tcheck | Ttotal | Status | Flags |
---|---|---|---|---|---|---|
r-devel-linux-x86_64-debian-clang | 1.0.0.3 | 172.85 | 548.08 | 720.93 | OK | |
r-devel-linux-x86_64-debian-gcc | 1.0.0.3 | 99.76 | 320.45 | 420.21 | OK | |
r-devel-linux-x86_64-fedora-clang | 1.0.0.3 | 1187.87 | OK | |||
r-devel-linux-x86_64-fedora-gcc | 1.0.0.3 | 1094.72 | OK | |||
r-devel-windows-x86_64 | 1.0.0.3 | 149.00 | 412.00 | 561.00 | OK | |
r-patched-linux-x86_64 | 1.0.0.3 | 178.47 | 517.32 | 695.79 | OK | |
r-release-linux-x86_64 | 1.0.0.3 | 163.74 | 506.08 | 669.82 | OK | |
r-release-macos-arm64 | 1.0.0.3 | 238.00 | NOTE | |||
r-release-macos-x86_64 | 1.0.0.3 | 395.00 | NOTE | |||
r-release-windows-x86_64 | 1.0.0.3 | 155.00 | 414.00 | 569.00 | NOTE | |
r-oldrel-macos-arm64 | 1.0.0.3 | 223.00 | NOTE | |||
r-oldrel-macos-x86_64 | 1.0.0.3 | 411.00 | NOTE | |||
r-oldrel-windows-x86_64 | 1.0.0.3 | 190.00 | 536.00 | 726.00 | NOTE |
Version: 1.0.0.3
Check: installed package size
Result: NOTE
installed size is 5.5Mb
sub-directories of 1Mb or more:
R 3.1Mb
help 1.3Mb
Flavors: r-release-macos-arm64, r-release-macos-x86_64, r-release-windows-x86_64, r-oldrel-macos-arm64, r-oldrel-macos-x86_64, r-oldrel-windows-x86_64