CRAN Package Check Results for Package fmerPack

Last updated on 2024-07-20 08:49:41 CEST.

Flavor Version Tinstall Tcheck Ttotal Status Flags
r-devel-linux-x86_64-debian-clang 0.0-1 39.66 107.81 147.47 NOTE
r-devel-linux-x86_64-debian-gcc 0.0-1 25.09 79.09 104.18 NOTE
r-devel-linux-x86_64-fedora-clang 0.0-1 201.93 NOTE
r-devel-linux-x86_64-fedora-gcc 0.0-1 184.96 NOTE
r-devel-windows-x86_64 0.0-1 32.00 104.00 136.00 NOTE
r-patched-linux-x86_64 0.0-1 34.62 100.16 134.78 NOTE
r-release-linux-x86_64 0.0-1 36.72 100.40 137.12 NOTE
r-release-macos-arm64 0.0-1 46.00 NOTE
r-release-macos-x86_64 0.0-1 69.00 NOTE
r-release-windows-x86_64 0.0-1 36.00 103.00 139.00 NOTE
r-oldrel-macos-arm64 0.0-1 54.00 NOTE
r-oldrel-macos-x86_64 0.0-1 94.00 NOTE
r-oldrel-windows-x86_64 0.0-1 44.00 127.00 171.00 NOTE

Check Details

Version: 0.0-1
Check: C++ specification
Result: NOTE Specified C++11: please drop specification unless essential Flavors: r-devel-linux-x86_64-debian-clang, r-devel-linux-x86_64-debian-gcc, r-devel-linux-x86_64-fedora-clang, r-devel-linux-x86_64-fedora-gcc, r-devel-windows-x86_64, r-patched-linux-x86_64, r-release-linux-x86_64, r-release-macos-arm64, r-release-macos-x86_64, r-release-windows-x86_64, r-oldrel-macos-arm64, r-oldrel-macos-x86_64, r-oldrel-windows-x86_64

Version: 0.0-1
Check: dependencies in R code
Result: NOTE Namespace in Imports field not imported from: ‘MASS’ All declared Imports should be used. Flavors: r-devel-linux-x86_64-fedora-clang, r-devel-linux-x86_64-fedora-gcc