CRAN Package Check Results for Package fuzzr

Last updated on 2025-01-19 01:48:22 CET.

Flavor Version Tinstall Tcheck Ttotal Status Flags
r-devel-linux-x86_64-debian-clang 0.2.2 1.86 37.04 38.90 OK
r-devel-linux-x86_64-debian-gcc 0.2.2 1.29 26.57 27.86 OK
r-devel-linux-x86_64-fedora-clang 0.2.2 65.60 OK
r-devel-linux-x86_64-fedora-gcc 0.2.2 75.57 OK
r-devel-windows-x86_64 0.2.2 4.00 57.00 61.00 OK
r-patched-linux-x86_64 0.2.2 2.08 35.81 37.89 NOTE
r-release-linux-x86_64 0.2.2 1.85 35.44 37.29 NOTE
r-release-macos-arm64 0.2.2 26.00 NOTE
r-release-macos-x86_64 0.2.2 42.00 NOTE
r-release-windows-x86_64 0.2.2 3.00 56.00 59.00 NOTE
r-oldrel-macos-arm64 0.2.2 28.00 NOTE
r-oldrel-macos-x86_64 0.2.2 42.00 NOTE
r-oldrel-windows-x86_64 0.2.2 3.00 63.00 66.00 NOTE

Check Details

Version: 0.2.2
Check: LazyData
Result: NOTE 'LazyData' is specified without a 'data' directory Flavors: r-patched-linux-x86_64, r-release-linux-x86_64, r-release-macos-arm64, r-release-macos-x86_64, r-release-windows-x86_64, r-oldrel-macos-arm64, r-oldrel-macos-x86_64, r-oldrel-windows-x86_64