Last updated on 2024-06-12 19:54:20 CEST.
Flavor | Version | Tinstall | Tcheck | Ttotal | Status | Flags |
---|---|---|---|---|---|---|
r-devel-linux-x86_64-debian-clang | 0.11.3 | 8.26 | 87.87 | 96.13 | OK | |
r-devel-linux-x86_64-debian-gcc | 0.11.3 | 0.61 | 1.58 | 2.19 | ERROR | |
r-devel-linux-x86_64-fedora-clang | 0.11.3 | 126.81 | OK | |||
r-devel-linux-x86_64-fedora-gcc | 0.11.3 | 119.56 | OK | |||
r-devel-windows-x86_64 | 0.11.3 | 9.00 | 90.00 | 99.00 | OK | |
r-patched-linux-x86_64 | 0.11.3 | 10.72 | 83.33 | 94.05 | OK | |
r-release-linux-x86_64 | 0.11.3 | 10.31 | 82.79 | 93.10 | OK | |
r-release-macos-arm64 | 0.11.3 | 42.00 | OK | |||
r-release-macos-x86_64 | 0.11.3 | 98.00 | OK | |||
r-release-windows-x86_64 | 0.11.3 | 10.00 | 90.00 | 100.00 | OK | |
r-oldrel-macos-arm64 | 0.11.3 | 52.00 | OK | |||
r-oldrel-macos-x86_64 | 0.11.3 | 84.00 | OK | |||
r-oldrel-windows-x86_64 | 0.11.3 | 13.00 | 101.00 | 114.00 | OK |
Version: 0.11.3
Check: package dependencies
Result: ERROR
Package required but not available: ‘readr’
Packages suggested but not available for checking:
'gistr', 'RPostgres', 'testthat'
See section ‘The DESCRIPTION file’ in the ‘Writing R Extensions’
manual.
Flavor: r-devel-linux-x86_64-debian-gcc