Last updated on 2025-01-23 22:49:51 CET.
Flavor | Version | Tinstall | Tcheck | Ttotal | Status | Flags |
---|---|---|---|---|---|---|
r-devel-linux-x86_64-debian-clang | 0.8.12 | 74.08 | 164.81 | 238.89 | OK | |
r-devel-linux-x86_64-debian-gcc | 0.8.12 | 47.65 | 111.36 | 159.01 | OK | |
r-devel-linux-x86_64-fedora-clang | 0.8.12 | 431.23 | OK | |||
r-devel-linux-x86_64-fedora-gcc | 0.8.12 | 401.46 | OK | |||
r-devel-windows-x86_64 | 0.8.12 | 86.00 | 198.00 | 284.00 | OK | |
r-patched-linux-x86_64 | 0.8.12 | 69.94 | 152.88 | 222.82 | OK | |
r-release-linux-x86_64 | 0.8.12 | 69.96 | 155.45 | 225.41 | OK | |
r-release-macos-arm64 | 0.8.12 | 132.00 | NOTE | |||
r-release-macos-x86_64 | 0.8.12 | 196.00 | NOTE | |||
r-release-windows-x86_64 | 0.8.12 | 83.00 | 188.00 | 271.00 | OK | |
r-oldrel-macos-arm64 | 0.8.12 | 110.00 | NOTE | |||
r-oldrel-macos-x86_64 | 0.8.12 | 210.00 | NOTE | |||
r-oldrel-windows-x86_64 | 0.8.12 | 95.00 | 246.00 | 341.00 | OK |
Version: 0.8.12
Check: installed package size
Result: NOTE
installed size is 6.3Mb
sub-directories of 1Mb or more:
libs 4.2Mb
Flavors: r-release-macos-arm64, r-release-macos-x86_64, r-oldrel-macos-arm64, r-oldrel-macos-x86_64