CRAN Package Check Results for Package ggmap

Last updated on 2024-07-23 08:49:06 CEST.

Flavor Version Tinstall Tcheck Ttotal Status Flags
r-devel-linux-x86_64-debian-clang 4.0.0 14.13 87.11 101.24 OK
r-devel-linux-x86_64-debian-gcc 4.0.0 10.84 64.73 75.57 NOTE
r-devel-linux-x86_64-fedora-clang 4.0.0 125.73 OK
r-devel-linux-x86_64-fedora-gcc 4.0.0 120.73 OK
r-devel-windows-x86_64 4.0.0 14.00 89.00 103.00 NOTE
r-patched-linux-x86_64 4.0.0 15.92 81.45 97.37 OK
r-release-linux-x86_64 4.0.0 11.15 80.06 91.21 OK
r-release-macos-arm64 4.0.0 44.00 OK
r-release-macos-x86_64 4.0.0 56.00 OK
r-release-windows-x86_64 4.0.0 14.00 88.00 102.00 OK
r-oldrel-macos-arm64 4.0.0 43.00 OK
r-oldrel-macos-x86_64 4.0.0 117.00 OK
r-oldrel-windows-x86_64 4.0.0 17.00 104.00 121.00 OK

Check Details

Version: 4.0.0
Check: Rd cross-references
Result: NOTE Found the following Rd file(s) with Rd \link{} targets missing package anchors: geom_leg.Rd: geom_segment inset.Rd: annotation_custom legs2route.Rd: geom_path qmplot.Rd: facet_wrap, facet_grid Please provide package anchors for all Rd \link{} targets not in the package itself and the base packages. Flavors: r-devel-linux-x86_64-debian-gcc, r-devel-windows-x86_64