CRAN Package Check Results for Package gllvm

Last updated on 2024-07-15 19:53:53 CEST.

Flavor Version Tinstall Tcheck Ttotal Status Flags
r-devel-linux-x86_64-debian-clang 1.4.3 402.62 353.80 756.42 NOTE
r-devel-linux-x86_64-debian-gcc 1.4.3 335.76 272.63 608.39 NOTE
r-devel-linux-x86_64-fedora-clang 1.4.3 872.10 NOTE
r-devel-linux-x86_64-fedora-gcc 1.4.3 1140.10 NOTE
r-devel-windows-x86_64 1.4.3 293.00 320.00 613.00 NOTE
r-patched-linux-x86_64 1.4.3 376.26 361.55 737.81 NOTE
r-release-linux-x86_64 1.4.3 407.77 359.49 767.26 NOTE
r-release-macos-arm64 1.4.3 247.00 NOTE
r-release-macos-x86_64 1.4.3 415.00 NOTE
r-release-windows-x86_64 1.4.3 276.00 320.00 596.00 NOTE
r-oldrel-macos-arm64 1.4.3 241.00 NOTE
r-oldrel-macos-x86_64 1.4.3 596.00 NOTE
r-oldrel-windows-x86_64 1.4.3 453.00 380.00 833.00 NOTE

Check Details

Version: 1.4.3
Check: Rd files
Result: NOTE checkRd: (-1) gllvm.Rd:122: Lost braces in \itemize; meant \describe ? checkRd: (-1) gllvm.Rd:123: Lost braces in \itemize; meant \describe ? checkRd: (-1) gllvm.Rd:124: Lost braces in \itemize; meant \describe ? checkRd: (-1) gllvm.Rd:125: Lost braces in \itemize; meant \describe ? checkRd: (-1) gllvm.Rd:126: Lost braces in \itemize; meant \describe ? checkRd: (-1) gllvm.Rd:127: Lost braces in \itemize; meant \describe ? checkRd: (-1) gllvm.Rd:128: Lost braces in \itemize; meant \describe ? checkRd: (-1) gllvm.Rd:129: Lost braces in \itemize; meant \describe ? checkRd: (-1) gllvm.Rd:134: Lost braces in \itemize; meant \describe ? checkRd: (-1) gllvm.Rd:135: Lost braces in \itemize; meant \describe ? checkRd: (-1) gllvm.Rd:136: Lost braces in \itemize; meant \describe ? checkRd: (-1) gllvm.Rd:137: Lost braces in \itemize; meant \describe ? checkRd: (-1) gllvm.Rd:138: Lost braces in \itemize; meant \describe ? checkRd: (-1) gllvm.Rd:139: Lost braces in \itemize; meant \describe ? checkRd: (-1) gllvm.Rd:140: Lost braces in \itemize; meant \describe ? checkRd: (-1) gllvm.Rd:145: Lost braces in \itemize; meant \describe ? checkRd: (-1) gllvm.Rd:146: Lost braces in \itemize; meant \describe ? checkRd: (-1) gllvm.Rd:147: Lost braces in \itemize; meant \describe ? checkRd: (-1) gllvm.Rd:148: Lost braces in \itemize; meant \describe ? checkRd: (-1) gllvm.Rd:149: Lost braces in \itemize; meant \describe ? checkRd: (-1) gllvm.Rd:150: Lost braces in \itemize; meant \describe ? checkRd: (-1) gllvm.Rd:151: Lost braces in \itemize; meant \describe ? checkRd: (-1) gllvm.Rd:152: Lost braces in \itemize; meant \describe ? checkRd: (-1) gllvm.Rd:153: Lost braces in \itemize; meant \describe ? checkRd: (-1) gllvm.Rd:154: Lost braces in \itemize; meant \describe ? checkRd: (-1) gllvm.Rd:155: Lost braces in \itemize; meant \describe ? checkRd: (-1) gllvm.Rd:156: Lost braces in \itemize; meant \describe ? checkRd: (-1) gllvm.Rd:277: Lost braces in \itemize; meant \describe ? checkRd: (-1) gllvm.Rd:278: Lost braces in \itemize; meant \describe ? checkRd: (-1) gllvm.Rd:279: Lost braces in \itemize; meant \describe ? checkRd: (-1) gllvm.Rd:297: Lost braces in \itemize; meant \describe ? checkRd: (-1) gllvm.Rd:298: Lost braces in \itemize; meant \describe ? checkRd: (-1) gllvm.Rd:299: Lost braces in \itemize; meant \describe ? checkRd: (-1) gllvm.Rd:300: Lost braces in \itemize; meant \describe ? checkRd: (-1) gllvm.Rd:301: Lost braces in \itemize; meant \describe ? checkRd: (-1) gllvm.Rd:303: Lost braces in \itemize; meant \describe ? checkRd: (-1) gllvm.Rd:305: Lost braces in \itemize; meant \describe ? checkRd: (-1) gllvm.Rd:307: Lost braces in \itemize; meant \describe ? checkRd: (-1) gllvm.Rd:309: Lost braces in \itemize; meant \describe ? checkRd: (-1) gllvm.Rd:311: Lost braces in \itemize; meant \describe ? checkRd: (-1) gllvm.Rd:313: Lost braces in \itemize; meant \describe ? checkRd: (-1) gllvm.Rd:189: Lost braces in \itemize; \value handles \item{}{} directly checkRd: (-1) gllvm.Rd:190: Lost braces in \itemize; \value handles \item{}{} directly checkRd: (-1) gllvm.Rd:191: Lost braces in \itemize; \value handles \item{}{} directly checkRd: (-1) gllvm.Rd:192: Lost braces in \itemize; \value handles \item{}{} directly checkRd: (-1) gllvm.Rd:193: Lost braces in \itemize; \value handles \item{}{} directly checkRd: (-1) gllvm.Rd:194: Lost braces in \itemize; \value handles \item{}{} directly checkRd: (-1) gllvm.Rd:195: Lost braces in \itemize; \value handles \item{}{} directly checkRd: (-1) gllvm.Rd:196: Lost braces in \itemize; \value handles \item{}{} directly checkRd: (-1) gllvm.Rd:197: Lost braces in \itemize; \value handles \item{}{} directly Flavors: r-devel-linux-x86_64-debian-clang, r-devel-linux-x86_64-debian-gcc, r-devel-linux-x86_64-fedora-clang, r-devel-linux-x86_64-fedora-gcc, r-devel-windows-x86_64, r-patched-linux-x86_64, r-release-linux-x86_64, r-release-macos-arm64, r-release-macos-x86_64, r-release-windows-x86_64

Version: 1.4.3
Check: installed package size
Result: NOTE installed size is 8.6Mb sub-directories of 1Mb or more: doc 1.4Mb libs 6.3Mb Flavors: r-devel-linux-x86_64-fedora-clang, r-devel-windows-x86_64, r-release-macos-arm64, r-release-macos-x86_64, r-release-windows-x86_64, r-oldrel-macos-arm64, r-oldrel-macos-x86_64, r-oldrel-windows-x86_64

Version: 1.4.3
Check: Rd cross-references
Result: NOTE Found the following Rd file(s) with Rd \link{} targets missing package anchors: gllvm.Rd: nloptr Please provide package anchors for all Rd \link{} targets not in the package itself and the base packages. Flavor: r-devel-windows-x86_64