Last updated on 2024-06-12 19:54:21 CEST.
Flavor | Version | Tinstall | Tcheck | Ttotal | Status | Flags |
---|---|---|---|---|---|---|
r-devel-linux-x86_64-debian-clang | 0.3.5 | 344.25 | 210.54 | 554.79 | OK | |
r-devel-linux-x86_64-debian-gcc | 0.3.5 | 0.34 | 1.59 | 1.93 | ERROR | |
r-devel-linux-x86_64-fedora-clang | 0.3.5 | 686.51 | OK | |||
r-devel-linux-x86_64-fedora-gcc | 0.3.5 | 985.49 | OK | |||
r-devel-windows-x86_64 | 0.3.5 | 334.00 | 195.00 | 529.00 | OK | |
r-patched-linux-x86_64 | 0.3.5 | 325.86 | 247.93 | 573.79 | OK | |
r-release-linux-x86_64 | 0.3.5 | 341.72 | 242.42 | 584.14 | OK | |
r-release-macos-arm64 | 0.3.5 | 149.00 | NOTE | |||
r-release-macos-x86_64 | 0.3.5 | 260.00 | NOTE | |||
r-release-windows-x86_64 | 0.3.5 | 342.00 | 204.00 | 546.00 | OK | |
r-oldrel-macos-arm64 | 0.3.5 | 142.00 | NOTE | |||
r-oldrel-macos-x86_64 | 0.3.5 | 261.00 | NOTE | |||
r-oldrel-windows-x86_64 | 0.3.5 | 559.00 | 241.00 | 800.00 | OK |
Version: 0.3.5
Check: package dependencies
Result: ERROR
Package required but not available: ‘glmmrBase’
Package suggested but not available for checking: ‘testthat’
See section ‘The DESCRIPTION file’ in the ‘Writing R Extensions’
manual.
Flavor: r-devel-linux-x86_64-debian-gcc
Version: 0.3.5
Check: installed package size
Result: NOTE
installed size is 49.7Mb
sub-directories of 1Mb or more:
libs 49.4Mb
Flavors: r-release-macos-arm64, r-release-macos-x86_64, r-oldrel-macos-arm64, r-oldrel-macos-x86_64