CRAN Package Check Results for Package gofedf

Last updated on 2024-07-20 19:52:50 CEST.

Flavor Version Tinstall Tcheck Ttotal Status Flags
r-devel-linux-x86_64-debian-clang 0.1.0 3.13 36.36 39.49 OK
r-devel-linux-x86_64-debian-gcc 0.1.0 2.51 26.92 29.43 OK
r-devel-linux-x86_64-fedora-clang 0.1.0 51.10 OK
r-devel-linux-x86_64-fedora-gcc 0.1.0 59.90 OK
r-devel-windows-x86_64 0.1.0 4.00 52.00 56.00 NOTE
r-patched-linux-x86_64 0.1.0 4.23 34.27 38.50 OK
r-release-linux-x86_64 0.1.0 2.63 34.33 36.96 OK
r-release-macos-arm64 0.1.0 23.00 OK
r-release-macos-x86_64 0.1.0 35.00 OK
r-release-windows-x86_64 0.1.0 4.00 52.00 56.00 OK
r-oldrel-macos-arm64 0.1.0 29.00 OK
r-oldrel-macos-x86_64 0.1.0 120.00 OK
r-oldrel-windows-x86_64 0.1.0 4.00 53.00 57.00 OK

Check Details

Version: 0.1.0
Check: Rd cross-references
Result: NOTE Found the following Rd file(s) with Rd \link{} targets missing package anchors: glmMLE.Rd: glm2 testGLMGamma.Rd: glm2 Please provide package anchors for all Rd \link{} targets not in the package itself and the base packages. Flavor: r-devel-windows-x86_64